{"id":903,"date":"2022-01-25T14:25:25","date_gmt":"2022-01-25T17:25:25","guid":{"rendered":"https:\/\/www.economicas.uba.ar\/biblioteca\/?page_id=903"},"modified":"2026-02-06T10:42:59","modified_gmt":"2026-02-06T13:42:59","slug":"guia-del-usuario","status":"publish","type":"page","link":"https:\/\/www.economicas.uba.ar\/biblioteca\/guia-del-usuario\/","title":{"rendered":"Gu\u00eda del usuario"},"content":{"rendered":"\t\t<div data-elementor-type=\"wp-page\" data-elementor-id=\"903\" class=\"elementor elementor-903\" data-elementor-post-type=\"page\">\n\t\t\t\t<div class=\"elementor-element elementor-element-b3fb79b e-flex e-con-boxed e-con e-parent\" data-id=\"b3fb79b\" data-element_type=\"container\" data-e-type=\"container\">\n\t\t\t\t\t<div class=\"e-con-inner\">\n\t\t<div class=\"elementor-element elementor-element-8c44dd4 e-con-full e-flex e-con e-child\" data-id=\"8c44dd4\" data-element_type=\"container\" data-e-type=\"container\">\n\t\t\t\t<div class=\"elementor-element elementor-element-b5f4ec4 elementor-widget elementor-widget-heading\" data-id=\"b5f4ec4\" data-element_type=\"widget\" data-e-type=\"widget\" data-widget_type=\"heading.default\">\n\t\t\t\t<div class=\"elementor-widget-container\">\n\t\t\t\t\t<h1 class=\"elementor-heading-title elementor-size-default\">Gu\u00eda del usuario<\/h1>\t\t\t\t<\/div>\n\t\t\t\t<\/div>\n\t\t\t\t<div class=\"elementor-element elementor-element-3629a00 elementor-widget elementor-widget-text-editor\" data-id=\"3629a00\" data-element_type=\"widget\" data-e-type=\"widget\" data-widget_type=\"text-editor.default\">\n\t\t\t\t<div class=\"elementor-widget-container\">\n\t\t\t\t\t\t\t\t\t<p>Esta gu\u00eda permite a Alumnos, Docentes, Investigadores, Graduados y al p\u00fablico externo, tener una referencia acerca de c\u00f3mo acceder a los distintos recursos y servicios que brinda la Biblioteca&#8230;<\/p>\t\t\t\t\t\t\t\t<\/div>\n\t\t\t\t<\/div>\n\t\t\t\t<\/div>\n\t\t\t\t\t<\/div>\n\t\t\t\t<\/div>\n\t\t<div class=\"elementor-element elementor-element-06dcc77 e-flex e-con-boxed e-con e-parent\" data-id=\"06dcc77\" data-element_type=\"container\" data-e-type=\"container\">\n\t\t\t\t\t<div class=\"e-con-inner\">\n\t\t<div class=\"elementor-element elementor-element-db2988b e-con-full e-flex e-con e-child\" data-id=\"db2988b\" data-element_type=\"container\" data-e-type=\"container\">\n\t\t\t\t<div class=\"elementor-element elementor-element-1c398ae elementor-widget elementor-widget-heading\" data-id=\"1c398ae\" data-element_type=\"widget\" data-e-type=\"widget\" data-widget_type=\"heading.default\">\n\t\t\t\t<div class=\"elementor-widget-container\">\n\t\t\t\t\t<h1 class=\"elementor-heading-title elementor-size-default\">REGISTRO DE USUARIO<\/h1>\t\t\t\t<\/div>\n\t\t\t\t<\/div>\n\t\t\t\t<div class=\"elementor-element elementor-element-c1d83e5 elementor-widget elementor-widget-text-editor\" data-id=\"c1d83e5\" data-element_type=\"widget\" data-e-type=\"widget\" data-widget_type=\"text-editor.default\">\n\t\t\t\t<div class=\"elementor-widget-container\">\n\t\t\t\t\t\t\t\t\t<p><strong><span style=\"color: #ff6600;\">Requisitos<\/span><\/strong><\/p>\t\t\t\t\t\t\t\t<\/div>\n\t\t\t\t<\/div>\n\t\t\t\t<div class=\"elementor-element elementor-element-46d538b elementor-widget elementor-widget-text-editor\" data-id=\"46d538b\" data-element_type=\"widget\" data-e-type=\"widget\" data-widget_type=\"text-editor.default\">\n\t\t\t\t<div class=\"elementor-widget-container\">\n\t\t\t\t\t\t\t\t\t<p>El \u00fanico requisito es estar registrado en la base de datos de Alumnos, Docentes o Investigadores, seg\u00fan corresponda, para acceder a determinados servicios de acceso electr\u00f3nico a textos completos y al pr\u00e9stamo a domicilio de material impreso.<\/p>\t\t\t\t\t\t\t\t<\/div>\n\t\t\t\t<\/div>\n\t\t\t\t<\/div>\n\t\t\t\t\t<\/div>\n\t\t\t\t<\/div>\n\t\t<div class=\"elementor-element elementor-element-332d7e2 e-flex e-con-boxed e-con e-parent\" data-id=\"332d7e2\" data-element_type=\"container\" data-e-type=\"container\">\n\t\t\t\t\t<div class=\"e-con-inner\">\n\t\t<div class=\"elementor-element elementor-element-875d573 e-con-full e-flex e-con e-child\" data-id=\"875d573\" data-element_type=\"container\" data-e-type=\"container\">\n\t\t\t\t<div class=\"elementor-element elementor-element-0217a4a elementor-widget elementor-widget-heading\" data-id=\"0217a4a\" data-element_type=\"widget\" data-e-type=\"widget\" data-widget_type=\"heading.default\">\n\t\t\t\t<div class=\"elementor-widget-container\">\n\t\t\t\t\t<h1 class=\"elementor-heading-title elementor-size-default\">MODALIDAD DE LOS PRESTAMOS<\/h1>\t\t\t\t<\/div>\n\t\t\t\t<\/div>\n\t\t\t\t<div class=\"elementor-element elementor-element-b267cb9 elementor-widget elementor-widget-text-editor\" data-id=\"b267cb9\" data-element_type=\"widget\" data-e-type=\"widget\" data-widget_type=\"text-editor.default\">\n\t\t\t\t<div class=\"elementor-widget-container\">\n\t\t\t\t\t\t\t\t\t<p><strong><span style=\"color: #ff6600;\">Pr\u00e9stamos a domicilio:<\/span><\/strong><\/p>\t\t\t\t\t\t\t\t<\/div>\n\t\t\t\t<\/div>\n\t\t\t\t<div class=\"elementor-element elementor-element-43d2d71 elementor-widget elementor-widget-text-editor\" data-id=\"43d2d71\" data-element_type=\"widget\" data-e-type=\"widget\" data-widget_type=\"text-editor.default\">\n\t\t\t\t<div class=\"elementor-widget-container\">\n\t\t\t\t\t\t\t\t\t<p>Los Alumnos de la Facultad pueden retirar por el Sector de Circulante hasta 4 (cuatro) libros a domicilio por 15 d\u00edas.<\/p><p>Investigadores, Docentes y No Docentes pueden retirar por el Sector de Referencia Especializada hasta 4 (cuatro) libros a domicilio por 15 d\u00edas.<\/p>\t\t\t\t\t\t\t\t<\/div>\n\t\t\t\t<\/div>\n\t\t\t\t<div class=\"elementor-element elementor-element-4a83736 elementor-widget elementor-widget-text-editor\" data-id=\"4a83736\" data-element_type=\"widget\" data-e-type=\"widget\" data-widget_type=\"text-editor.default\">\n\t\t\t\t<div class=\"elementor-widget-container\">\n\t\t\t\t\t\t\t\t\t<p><strong><span style=\"color: #ff6600;\">Pr\u00e9stamos en Sala de Lectura:<\/span><\/strong><\/p>\t\t\t\t\t\t\t\t<\/div>\n\t\t\t\t<\/div>\n\t\t\t\t<div class=\"elementor-element elementor-element-34587f1 elementor-widget elementor-widget-text-editor\" data-id=\"34587f1\" data-element_type=\"widget\" data-e-type=\"widget\" data-widget_type=\"text-editor.default\">\n\t\t\t\t<div class=\"elementor-widget-container\">\n\t\t\t\t\t\t\t\t\t<p>Alumnos, Investigadores, Docentes, Nodocentes, pueden solicitar para consulta por el d\u00eda, en Sala de Lectura todos los materiales disponibles en el acervo bibliogr\u00e1fico.<\/p>\t\t\t\t\t\t\t\t<\/div>\n\t\t\t\t<\/div>\n\t\t\t\t<\/div>\n\t\t\t\t\t<\/div>\n\t\t\t\t<\/div>\n\t\t<div class=\"elementor-element elementor-element-44ac39d e-flex e-con-boxed e-con e-parent\" data-id=\"44ac39d\" data-element_type=\"container\" data-e-type=\"container\">\n\t\t\t\t\t<div class=\"e-con-inner\">\n\t\t<div class=\"elementor-element elementor-element-bb7504a e-con-full e-flex e-con e-child\" data-id=\"bb7504a\" data-element_type=\"container\" data-e-type=\"container\" data-settings=\"{&quot;background_background&quot;:&quot;classic&quot;}\">\n\t\t<div class=\"elementor-element elementor-element-30dbc4e e-con-full e-flex e-con e-child\" data-id=\"30dbc4e\" data-element_type=\"container\" data-e-type=\"container\">\n\t\t\t\t<div class=\"elementor-element elementor-element-657fbe1 elementor-widget elementor-widget-heading\" data-id=\"657fbe1\" data-element_type=\"widget\" data-e-type=\"widget\" data-widget_type=\"heading.default\">\n\t\t\t\t<div class=\"elementor-widget-container\">\n\t\t\t\t\t<h1 class=\"elementor-heading-title elementor-size-default\">Preguntas frecuentes<\/h1>\t\t\t\t<\/div>\n\t\t\t\t<\/div>\n\t\t\t\t<div class=\"elementor-element elementor-element-457a3da elementor-widget elementor-widget-eael-adv-accordion\" data-id=\"457a3da\" data-element_type=\"widget\" data-e-type=\"widget\" data-widget_type=\"eael-adv-accordion.default\">\n\t\t\t\t<div class=\"elementor-widget-container\">\n\t\t\t\t\t            <div class=\"eael-adv-accordion\" id=\"eael-adv-accordion-457a3da\" data-scroll-on-click=\"no\" data-scroll-speed=\"300\" data-accordion-id=\"457a3da\" data-accordion-type=\"accordion\" data-toogle-speed=\"300\">\n            <div class=\"eael-accordion-list\">\n\t\t\t\t\t<div id=\"cuntas-bibliotecas-tiene-la-facultad\" class=\"elementor-tab-title eael-accordion-header\" tabindex=\"0\" data-tab=\"1\" aria-controls=\"elementor-tab-content-7281\"><span class=\"eael-advanced-accordion-icon-closed\"><i aria-hidden=\"true\" class=\"fa-accordion-icon fas fa-angle-down\"><\/i><\/span><span class=\"eael-advanced-accordion-icon-opened\"><i aria-hidden=\"true\" class=\"fa-accordion-icon fas fa-minus\"><\/i><\/span><span class=\"eael-accordion-tab-title\">\u00bfCu\u00e1ntas bibliotecas tiene la facultad?<\/span><\/div><div id=\"elementor-tab-content-7281\" class=\"eael-accordion-content clearfix\" data-tab=\"1\" aria-labelledby=\"cuntas-bibliotecas-tiene-la-facultad\"><p>La biblioteca central es una sola dividida en departamentos que atienden al p\u00fablico (Circulante y Referencia Especializada) y realizan tareas t\u00e9cnicas. Luego, hay sedes en Paternal, Avellaneda, San Isidro y La Costa (Santa Teresita)<\/p><\/div>\n\t\t\t\t\t<\/div><div class=\"eael-accordion-list\">\n\t\t\t\t\t<div id=\"cules-son-sus-das-y-horarios-de-atencin\" class=\"elementor-tab-title eael-accordion-header\" tabindex=\"0\" data-tab=\"2\" aria-controls=\"elementor-tab-content-7282\"><span class=\"eael-advanced-accordion-icon-closed\"><i aria-hidden=\"true\" class=\"fa-accordion-icon fas fa-angle-down\"><\/i><\/span><span class=\"eael-advanced-accordion-icon-opened\"><i aria-hidden=\"true\" class=\"fa-accordion-icon fas fa-minus\"><\/i><\/span><span class=\"eael-accordion-tab-title\">\u00bfCu\u00e1les son sus d\u00edas y horarios de atenci\u00f3n?<\/span><\/div><div id=\"elementor-tab-content-7282\" class=\"eael-accordion-content clearfix\" data-tab=\"2\" aria-labelledby=\"cules-son-sus-das-y-horarios-de-atencin\"><p>Biblioteca Circulante de lunes a viernes de 08.00 a 21.00 hs. y los s\u00e1bados de 9.00 a 16.00 hs.<\/p><p>Referencia Especializada de lunes a viernes de 08.00 a 23.00 hs (no abre los s\u00e1bados).<\/p><p>La Biblioteca no est\u00e1 abierta los domingos ni feriados.<\/p><\/div>\n\t\t\t\t\t<\/div><div class=\"eael-accordion-list\">\n\t\t\t\t\t<div id=\"cul-es-la-diferencia-entre-circulante-y-referencia-especializada\" class=\"elementor-tab-title eael-accordion-header\" tabindex=\"0\" data-tab=\"3\" aria-controls=\"elementor-tab-content-7283\"><span class=\"eael-advanced-accordion-icon-closed\"><i aria-hidden=\"true\" class=\"fa-accordion-icon fas fa-angle-down\"><\/i><\/span><span class=\"eael-advanced-accordion-icon-opened\"><i aria-hidden=\"true\" class=\"fa-accordion-icon fas fa-minus\"><\/i><\/span><span class=\"eael-accordion-tab-title\">\u00bfCu\u00e1l es la diferencia entre Circulante y Referencia Especializada?<\/span><\/div><div id=\"elementor-tab-content-7283\" class=\"eael-accordion-content clearfix\" data-tab=\"3\" aria-labelledby=\"cul-es-la-diferencia-entre-circulante-y-referencia-especializada\"><p>En Circulante se realizan pr\u00e9stamos a domicilio y en sala exclusivamente a Alumnos de la Facultad. En Referencia se consultan libros tales como diccionarios, enciclopedias, recursos como revistas electr\u00f3nicas y bases de datos, se realizan pr\u00e9stamos a domicilio y en sala a Alumnos de Posgrado, Docentes, Investigadores y Graduados de la Facultad y se brinda asesoramiento general sobre c\u00f3mo acceder a la informaci\u00f3n.<\/p><\/div>\n\t\t\t\t\t<\/div><div class=\"eael-accordion-list\">\n\t\t\t\t\t<div id=\"durante-el-receso-invernal-cierra-la-biblioteca\" class=\"elementor-tab-title eael-accordion-header\" tabindex=\"0\" data-tab=\"4\" aria-controls=\"elementor-tab-content-7284\"><span class=\"eael-advanced-accordion-icon-closed\"><i aria-hidden=\"true\" class=\"fa-accordion-icon fas fa-angle-down\"><\/i><\/span><span class=\"eael-advanced-accordion-icon-opened\"><i aria-hidden=\"true\" class=\"fa-accordion-icon fas fa-minus\"><\/i><\/span><span class=\"eael-accordion-tab-title\">Durante el receso invernal, \u00bfcierra la biblioteca?<\/span><\/div><div id=\"elementor-tab-content-7284\" class=\"eael-accordion-content clearfix\" data-tab=\"4\" aria-labelledby=\"durante-el-receso-invernal-cierra-la-biblioteca\"><p>No, se mantienen abiertos todos los servicios.<\/p><\/div>\n\t\t\t\t\t<\/div><div class=\"eael-accordion-list\">\n\t\t\t\t\t<div id=\"durante-el-receso-de-verano-enero-cierra-la-biblioteca\" class=\"elementor-tab-title eael-accordion-header\" tabindex=\"0\" data-tab=\"5\" aria-controls=\"elementor-tab-content-7285\"><span class=\"eael-advanced-accordion-icon-closed\"><i aria-hidden=\"true\" class=\"fa-accordion-icon fas fa-angle-down\"><\/i><\/span><span class=\"eael-advanced-accordion-icon-opened\"><i aria-hidden=\"true\" class=\"fa-accordion-icon fas fa-minus\"><\/i><\/span><span class=\"eael-accordion-tab-title\">Durante el receso de verano (ENERO), \u00bfcierra la biblioteca?<\/span><\/div><div id=\"elementor-tab-content-7285\" class=\"eael-accordion-content clearfix\" data-tab=\"5\" aria-labelledby=\"durante-el-receso-de-verano-enero-cierra-la-biblioteca\"><p>S\u00ed, cierra, pero se realizan pr\u00e9stamos a domicilio a Alumnos, Docentes, Investigadores y Graduados de la Facultad desde diciembre hasta EL PRIMER DIA HABIL DE FEBRERO del a\u00f1o entrante.<\/p><\/div>\n\t\t\t\t\t<\/div><div class=\"eael-accordion-list\">\n\t\t\t\t\t<div id=\"qu-necesito-para-pedir-un-libro-para-consultar-en-la-biblioteca\" class=\"elementor-tab-title eael-accordion-header\" tabindex=\"0\" data-tab=\"6\" aria-controls=\"elementor-tab-content-7286\"><span class=\"eael-advanced-accordion-icon-closed\"><i aria-hidden=\"true\" class=\"fa-accordion-icon fas fa-angle-down\"><\/i><\/span><span class=\"eael-advanced-accordion-icon-opened\"><i aria-hidden=\"true\" class=\"fa-accordion-icon fas fa-minus\"><\/i><\/span><span class=\"eael-accordion-tab-title\">\u00bfQu\u00e9 necesito para pedir un libro para consultar en la Biblioteca?<\/span><\/div><div id=\"elementor-tab-content-7286\" class=\"eael-accordion-content clearfix\" data-tab=\"6\" aria-labelledby=\"qu-necesito-para-pedir-un-libro-para-consultar-en-la-biblioteca\"><p>Presentarte con tu tarjeta de la facultad, DNI, Pasaporte o Registro de Conducir.<\/p><\/div>\n\t\t\t\t\t<\/div><div class=\"eael-accordion-list\">\n\t\t\t\t\t<div id=\"los-libros-de-referencia-se-prestan-a-domicilio\" class=\"elementor-tab-title eael-accordion-header\" tabindex=\"0\" data-tab=\"7\" aria-controls=\"elementor-tab-content-7287\"><span class=\"eael-advanced-accordion-icon-closed\"><i aria-hidden=\"true\" class=\"fa-accordion-icon fas fa-angle-down\"><\/i><\/span><span class=\"eael-advanced-accordion-icon-opened\"><i aria-hidden=\"true\" class=\"fa-accordion-icon fas fa-minus\"><\/i><\/span><span class=\"eael-accordion-tab-title\">\u00bfLos libros de referencia se prestan a domicilio?<\/span><\/div><div id=\"elementor-tab-content-7287\" class=\"eael-accordion-content clearfix\" data-tab=\"7\" aria-labelledby=\"los-libros-de-referencia-se-prestan-a-domicilio\"><p>No, s\u00f3lo se los puede consultar en el sector Referencia Especializada.<\/p><\/div>\n\t\t\t\t\t<\/div><div class=\"eael-accordion-list\">\n\t\t\t\t\t<div id=\"el-prstamo-se-realiza-de-manera-personal-exclusivamente\" class=\"elementor-tab-title eael-accordion-header\" tabindex=\"0\" data-tab=\"8\" aria-controls=\"elementor-tab-content-7288\"><span class=\"eael-advanced-accordion-icon-closed\"><i aria-hidden=\"true\" class=\"fa-accordion-icon fas fa-angle-down\"><\/i><\/span><span class=\"eael-advanced-accordion-icon-opened\"><i aria-hidden=\"true\" class=\"fa-accordion-icon fas fa-minus\"><\/i><\/span><span class=\"eael-accordion-tab-title\">\u00bfEl pr\u00e9stamo se realiza de manera personal exclusivamente?<\/span><\/div><div id=\"elementor-tab-content-7288\" class=\"eael-accordion-content clearfix\" data-tab=\"8\" aria-labelledby=\"el-prstamo-se-realiza-de-manera-personal-exclusivamente\"><p>S\u00ed, s\u00f3lo al titular del pr\u00e9stamo acreditando identidad.<\/p><\/div>\n\t\t\t\t\t<\/div><div class=\"eael-accordion-list\">\n\t\t\t\t\t<div id=\"se-puede-hacer-la-renovacin-de-un-prstamo-por-telfono\" class=\"elementor-tab-title eael-accordion-header\" tabindex=\"0\" data-tab=\"9\" aria-controls=\"elementor-tab-content-7289\"><span class=\"eael-advanced-accordion-icon-closed\"><i aria-hidden=\"true\" class=\"fa-accordion-icon fas fa-angle-down\"><\/i><\/span><span class=\"eael-advanced-accordion-icon-opened\"><i aria-hidden=\"true\" class=\"fa-accordion-icon fas fa-minus\"><\/i><\/span><span class=\"eael-accordion-tab-title\">\u00bfSe puede hacer la renovaci\u00f3n de un pr\u00e9stamo por tel\u00e9fono?<\/span><\/div><div id=\"elementor-tab-content-7289\" class=\"eael-accordion-content clearfix\" data-tab=\"9\" aria-labelledby=\"se-puede-hacer-la-renovacin-de-un-prstamo-por-telfono\"><p>S\u00ed, pero la renovaci\u00f3n puede hacerse s\u00f3lo hasta la fecha de vencimiento de un pr\u00e9stamo, los libros con pr\u00e9stamo vencido no se pueden renovar y deben ser devueltos.<\/p><\/div>\n\t\t\t\t\t<\/div><div class=\"eael-accordion-list\">\n\t\t\t\t\t<div id=\"la-devolucin-del-material-prestado-se-realiza-de-manera-personal-exclusivamente\" class=\"elementor-tab-title eael-accordion-header\" tabindex=\"0\" data-tab=\"10\" aria-controls=\"elementor-tab-content-72810\"><span class=\"eael-advanced-accordion-icon-closed\"><i aria-hidden=\"true\" class=\"fa-accordion-icon fas fa-angle-down\"><\/i><\/span><span class=\"eael-advanced-accordion-icon-opened\"><i aria-hidden=\"true\" class=\"fa-accordion-icon fas fa-minus\"><\/i><\/span><span class=\"eael-accordion-tab-title\">\u00bfLa devoluci\u00f3n del material prestado se realiza de manera personal exclusivamente?<\/span><\/div><div id=\"elementor-tab-content-72810\" class=\"eael-accordion-content clearfix\" data-tab=\"10\" aria-labelledby=\"la-devolucin-del-material-prestado-se-realiza-de-manera-personal-exclusivamente\"><p>No, el libro puede ser devuelto por cualquier persona.<\/p><\/div>\n\t\t\t\t\t<\/div><div class=\"eael-accordion-list\">\n\t\t\t\t\t<div id=\"qu-pasa-si-no-devuelvo-el-libro-a-tiempo\" class=\"elementor-tab-title eael-accordion-header\" tabindex=\"0\" data-tab=\"11\" aria-controls=\"elementor-tab-content-72811\"><span class=\"eael-advanced-accordion-icon-closed\"><i aria-hidden=\"true\" class=\"fa-accordion-icon fas fa-angle-down\"><\/i><\/span><span class=\"eael-advanced-accordion-icon-opened\"><i aria-hidden=\"true\" class=\"fa-accordion-icon fas fa-minus\"><\/i><\/span><span class=\"eael-accordion-tab-title\">\u00bfQu\u00e9 pasa si no devuelvo el libro a tiempo?<\/span><\/div><div id=\"elementor-tab-content-72811\" class=\"eael-accordion-content clearfix\" data-tab=\"11\" aria-labelledby=\"qu-pasa-si-no-devuelvo-el-libro-a-tiempo\"><p>La mora en la devoluci\u00f3n de un libro implica una sanci\u00f3n de 2 d\u00edas sin poder retirar libros por cada d\u00eda de retraso.<\/p><\/div>\n\t\t\t\t\t<\/div><div class=\"eael-accordion-list\">\n\t\t\t\t\t<div id=\"las-sanciones-tienen-algn-cargo-econmico\" class=\"elementor-tab-title eael-accordion-header\" tabindex=\"0\" data-tab=\"12\" aria-controls=\"elementor-tab-content-72812\"><span class=\"eael-advanced-accordion-icon-closed\"><i aria-hidden=\"true\" class=\"fa-accordion-icon fas fa-angle-down\"><\/i><\/span><span class=\"eael-advanced-accordion-icon-opened\"><i aria-hidden=\"true\" class=\"fa-accordion-icon fas fa-minus\"><\/i><\/span><span class=\"eael-accordion-tab-title\">\u00bfLas sanciones tienen alg\u00fan cargo econ\u00f3mico?<\/span><\/div><div id=\"elementor-tab-content-72812\" class=\"eael-accordion-content clearfix\" data-tab=\"12\" aria-labelledby=\"las-sanciones-tienen-algn-cargo-econmico\"><p>No, no existe sanci\u00f3n econ\u00f3mica, se lleva a cabo una suspensi\u00f3n temporal del derecho de pr\u00e9stamo a domicilio y el resto de las funciones siguen activas.<\/p><\/div>\n\t\t\t\t\t<\/div><div class=\"eael-accordion-list\">\n\t\t\t\t\t<div id=\"puedo-donar-libros-a-la-biblioteca\" class=\"elementor-tab-title eael-accordion-header\" tabindex=\"0\" data-tab=\"13\" aria-controls=\"elementor-tab-content-72813\"><span class=\"eael-advanced-accordion-icon-closed\"><i aria-hidden=\"true\" class=\"fa-accordion-icon fas fa-angle-down\"><\/i><\/span><span class=\"eael-advanced-accordion-icon-opened\"><i aria-hidden=\"true\" class=\"fa-accordion-icon fas fa-minus\"><\/i><\/span><span class=\"eael-accordion-tab-title\">\u00bfPuedo donar libros a la biblioteca?<\/span><\/div><div id=\"elementor-tab-content-72813\" class=\"eael-accordion-content clearfix\" data-tab=\"13\" aria-labelledby=\"puedo-donar-libros-a-la-biblioteca\"><p>Toda persona o instituci\u00f3n interesada en realizar la donaci\u00f3n de material bibliogr\u00e1fico a la biblioteca deber\u00e1 remitir previamente un mail a la direcci\u00f3n biblioteca.procesos@economicas.uba.ar en el cual se adjunte un listado del material ofrecido detallando los siguientes datos de cada libro:<\/p><p><strong>\u00b7 Autor<\/strong><\/p><p><strong>\u00b7 T\u00edtulo<\/strong><\/p><p><strong>\u00b7 Fecha de edici\u00f3n<\/strong><\/p><p><strong>\u00b7 Cantidad de ejemplares \/ vol\u00famenes \/ tomos<\/strong><\/p><p>El mail ser\u00e1 respondido a la brevedad indicando si podremos recibir la donaci\u00f3n de forma total, parcial o si el material no resulta de inter\u00e9s para el desarrollo de las colecciones de la Biblioteca. No obstante, toda donaci\u00f3n aceptada ser\u00e1 tomada a beneficio de inventario, es decir que la biblioteca se reserva el derecho de seleccionar todo o parte del material recibido. <strong>Por razones administrativas y en especial patrimoniales, ning\u00fan sector de la biblioteca Central ni las Bibliotecas de los Anexos podr\u00e1n recibir material en donaci\u00f3n sin considerar el procedimiento anteriormente expuesto.<\/strong><\/p><\/div>\n\t\t\t\t\t<\/div><div class=\"eael-accordion-list\">\n\t\t\t\t\t<div id=\"cmo-hago-para-acceder-a-los-libros-de-la-coleccin-proview-de-thomson-reuters\" class=\"elementor-tab-title eael-accordion-header\" tabindex=\"0\" data-tab=\"14\" aria-controls=\"elementor-tab-content-72814\"><span class=\"eael-advanced-accordion-icon-closed\"><i aria-hidden=\"true\" class=\"fa-accordion-icon fas fa-angle-down\"><\/i><\/span><span class=\"eael-advanced-accordion-icon-opened\"><i aria-hidden=\"true\" class=\"fa-accordion-icon fas fa-minus\"><\/i><\/span><span class=\"eael-accordion-tab-title\">\u00bfC\u00f3mo hago para acceder a los libros de la colecci\u00f3n PROVIEW de Thomson Reuters?<\/span><\/div><div id=\"elementor-tab-content-72814\" class=\"eael-accordion-content clearfix\" data-tab=\"14\" aria-labelledby=\"cmo-hago-para-acceder-a-los-libros-de-la-coleccin-proview-de-thomson-reuters\"><p>Para acceder a la colecci\u00f3n PROVIEW ten\u00e9s que seguir los pasos indicados en los siguientes documentos:<\/p><ul><li><a href=\"http:\/\/bibliotecadigital.econ.uba.ar\/download\/Pe\/proview2019-instructivo-registro-FCE.pdf\">Instructivo de registro<\/a><\/li><li><a href=\"http:\/\/bibliotecadigital.econ.uba.ar\/download\/Pe\/proview2019-guia-uso-FCE.pdf\">Gu\u00eda de uso<\/a><\/li><li><a href=\"http:\/\/bibliotecadigital.econ.uba.ar\/download\/Pe\/proview2019-catalogo-FCE.pdf\">Libros presentes en PROVIEW<\/a><\/li><\/ul><\/div>\n\t\t\t\t\t<\/div><\/div>\t\t\t\t<\/div>\n\t\t\t\t<\/div>\n\t\t\t\t<\/div>\n\t\t\t\t<\/div>\n\t\t\t\t\t<\/div>\n\t\t\t\t<\/div>\n\t\t\t\t<\/div>\n\t\t","protected":false},"excerpt":{"rendered":"<p>Gu\u00eda del usuario Esta gu\u00eda permite a Alumnos, Docentes, Investigadores, Graduados y al p\u00fablico externo, tener una referencia acerca de c\u00f3mo acceder a los distintos recursos y servicios que brinda<\/p>\n","protected":false},"author":1,"featured_media":0,"parent":0,"menu_order":0,"comment_status":"closed","ping_status":"closed","template":"elementor_header_footer","meta":{"footnotes":""},"class_list":["post-903","page","type-page","status-publish","hentry"],"_links":{"self":[{"href":"https:\/\/www.economicas.uba.ar\/biblioteca\/wp-json\/wp\/v2\/pages\/903","targetHints":{"allow":["GET"]}}],"collection":[{"href":"https:\/\/www.economicas.uba.ar\/biblioteca\/wp-json\/wp\/v2\/pages"}],"about":[{"href":"https:\/\/www.economicas.uba.ar\/biblioteca\/wp-json\/wp\/v2\/types\/page"}],"author":[{"embeddable":true,"href":"https:\/\/www.economicas.uba.ar\/biblioteca\/wp-json\/wp\/v2\/users\/1"}],"replies":[{"embeddable":true,"href":"https:\/\/www.economicas.uba.ar\/biblioteca\/wp-json\/wp\/v2\/comments?post=903"}],"version-history":[{"count":73,"href":"https:\/\/www.economicas.uba.ar\/biblioteca\/wp-json\/wp\/v2\/pages\/903\/revisions"}],"predecessor-version":[{"id":1535,"href":"https:\/\/www.economicas.uba.ar\/biblioteca\/wp-json\/wp\/v2\/pages\/903\/revisions\/1535"}],"wp:attachment":[{"href":"https:\/\/www.economicas.uba.ar\/biblioteca\/wp-json\/wp\/v2\/media?parent=903"}],"curies":[{"name":"wp","href":"https:\/\/api.w.org\/{rel}","templated":true}]}}