{"id":1492,"date":"2025-03-20T11:35:49","date_gmt":"2025-03-20T14:35:49","guid":{"rendered":"https:\/\/www.economicas.uba.ar\/ciudadesinteligentes\/?page_id=1492"},"modified":"2025-07-25T14:35:39","modified_gmt":"2025-07-25T17:35:39","slug":"capacitaciones-y-servicios","status":"publish","type":"page","link":"https:\/\/www.economicas.uba.ar\/ciudadesinteligentes\/capacitaciones-y-servicios\/","title":{"rendered":"Capacitaciones y Servicios"},"content":{"rendered":"\t\t<div data-elementor-type=\"wp-page\" data-elementor-id=\"1492\" class=\"elementor elementor-1492\" data-elementor-post-type=\"page\">\n\t\t\t\t<div class=\"elementor-element elementor-element-7de3b10f e-con-full e-flex e-con e-parent\" data-id=\"7de3b10f\" data-element_type=\"container\" data-e-type=\"container\">\n\t\t\t\t<div class=\"elementor-element elementor-element-675b0a5f elementor-widget elementor-widget-html\" data-id=\"675b0a5f\" data-element_type=\"widget\" data-e-type=\"widget\" data-widget_type=\"html.default\">\n\t\t\t\t<div class=\"elementor-widget-container\">\n\t\t\t\t\t<div style=\"height: 1px; background-color: #009D4F; width: 100%;\"><\/div>\r\n\t\t\t\t<\/div>\n\t\t\t\t<\/div>\n\t\t\t\t<\/div>\n\t\t<div class=\"elementor-element elementor-element-3a028ab e-flex e-con-boxed e-con e-parent\" data-id=\"3a028ab\" data-element_type=\"container\" data-e-type=\"container\">\n\t\t\t\t\t<div class=\"e-con-inner\">\n\t\t\t\t<div class=\"elementor-element elementor-element-1b2ff95 e-n-tabs-mobile elementor-widget elementor-widget-n-tabs\" data-id=\"1b2ff95\" data-element_type=\"widget\" data-e-type=\"widget\" data-settings=\"{&quot;horizontal_scroll&quot;:&quot;disable&quot;}\" data-widget_type=\"nested-tabs.default\">\n\t\t\t\t<div class=\"elementor-widget-container\">\n\t\t\t\t\t\t\t<div class=\"e-n-tabs\" data-widget-number=\"28508053\" aria-label=\"Pesta\u00f1as. Abr\u00ed items con Enter o la Barra Espaciadora; cerr\u00e1 con Esc y naveg\u00e1 utilizando el teclado de flechas.\">\n\t\t\t<div class=\"e-n-tabs-heading\" role=\"tablist\">\n\t\t\t\t\t<button id=\"modelo-q\" data-tab-title-id=\"e-n-tab-title-285080531\" class=\"e-n-tab-title\" aria-selected=\"true\" data-tab-index=\"1\" role=\"tab\" tabindex=\"0\" aria-controls=\"e-n-tab-content-285080531\" style=\"--n-tabs-title-order: 1;\">\n\t\t\t\t\t\t<span class=\"e-n-tab-title-text\">\n\t\t\t\tModelo Q\t\t\t<\/span>\n\t\t<\/button>\n\t\t\t\t<button id=\"bg-consultoria\" data-tab-title-id=\"e-n-tab-title-285080532\" class=\"e-n-tab-title\" aria-selected=\"false\" data-tab-index=\"2\" role=\"tab\" tabindex=\"-1\" aria-controls=\"e-n-tab-content-285080532\" style=\"--n-tabs-title-order: 2;\">\n\t\t\t\t\t\t<span class=\"e-n-tab-title-text\">\n\t\t\t\tConsultor\u00eda\t\t\t<\/span>\n\t\t<\/button>\n\t\t\t\t<button id=\"bg-diplomatura\" data-tab-title-id=\"e-n-tab-title-285080533\" class=\"e-n-tab-title\" aria-selected=\"false\" data-tab-index=\"3\" role=\"tab\" tabindex=\"-1\" aria-controls=\"e-n-tab-content-285080533\" style=\"--n-tabs-title-order: 3;\">\n\t\t\t\t\t\t<span class=\"e-n-tab-title-text\">\n\t\t\t\tDiplomatura\t\t\t<\/span>\n\t\t<\/button>\n\t\t\t\t\t<\/div>\n\t\t\t<div class=\"e-n-tabs-content\">\n\t\t\t\t<div id=\"e-n-tab-content-285080531\" role=\"tabpanel\" aria-labelledby=\"modelo-q\" data-tab-index=\"1\" style=\"--n-tabs-title-order: 1;\" class=\"e-active elementor-element elementor-element-f2d37af e-con-full e-flex e-con e-child\" data-id=\"f2d37af\" data-element_type=\"container\" data-e-type=\"container\">\n\t\t<div class=\"elementor-element elementor-element-4b70bf3 e-con-full e-flex e-con e-child\" data-id=\"4b70bf3\" data-element_type=\"container\" data-e-type=\"container\" data-settings=\"{&quot;background_background&quot;:&quot;classic&quot;}\">\n\t\t\t\t<div class=\"elementor-element elementor-element-e8cb9fb elementor-widget elementor-widget-heading\" data-id=\"e8cb9fb\" data-element_type=\"widget\" data-e-type=\"widget\" data-widget_type=\"heading.default\">\n\t\t\t\t<div class=\"elementor-widget-container\">\n\t\t\t\t\t<h6 class=\"elementor-heading-title elementor-size-default\">Modelo Q de Valuaci\u00f3n de Desarrollo Estrat\u00e9gico de Ciudades<\/h6>\t\t\t\t<\/div>\n\t\t\t\t<\/div>\n\t\t\t\t<div class=\"elementor-element elementor-element-4b0ec89 elementor-widget elementor-widget-text-editor\" data-id=\"4b0ec89\" data-element_type=\"widget\" data-e-type=\"widget\" data-widget_type=\"text-editor.default\">\n\t\t\t\t<div class=\"elementor-widget-container\">\n\t\t\t\t\t\t\t\t\t<p><span style=\"color: #333300;\"><strong>\u00bfQu\u00e9 es?<\/strong><\/span><\/p><p><span style=\"color: #333300;\">Es un <strong>modelo de gesti\u00f3n profesional <\/strong>que tiene como finalidad <strong>realizar trabajo colaborativo con gobiernos locales<\/strong> con el fin de contribuir a establecer un <strong>diagn\u00f3stico, determinaci\u00f3n de prioridades y desarrollo arm\u00f3nico de ciudades y conglomerados urbanos<\/strong>.<\/span><\/p><p><span style=\"color: #333300;\">A partir del diagn\u00f3stico trazado, buscamos que se identifiquen puntos fuertes y d\u00e9biles y se desarrollen <strong>medidas que impulsen la innovaci\u00f3n, la inclusi\u00f3n y la resiliencia urbana<\/strong> representando una <strong>real mejora en la calidad de vida de sus habitantes<\/strong>.<\/span><\/p><p>\u00a0<\/p><p><span style=\"color: #333300;\"><strong>\u00bfC\u00f3mo lo hacemos?<\/strong><\/span><\/p><p><span style=\"color: #333300;\">Desarrollamos un diagn\u00f3stico integral del funcionamiento del centro urbano mediante nuestro modelo de auditor\u00eda de gesti\u00f3n de ciudades, compuesto por <strong>5 dimensiones, 31 variables y 159 indicadores.<\/strong><\/span><\/p>\t\t\t\t\t\t\t\t<\/div>\n\t\t\t\t<\/div>\n\t\t\t\t<div class=\"elementor-element elementor-element-ff4da3b elementor-widget elementor-widget-image\" data-id=\"ff4da3b\" data-element_type=\"widget\" data-e-type=\"widget\" data-widget_type=\"image.default\">\n\t\t\t\t<div class=\"elementor-widget-container\">\n\t\t\t\t\t\t\t\t\t\t\t\t\t\t\t<img fetchpriority=\"high\" decoding=\"async\" width=\"355\" height=\"333\" src=\"https:\/\/www.economicas.uba.ar\/ciudadesinteligentes\/wp-content\/uploads\/Imagen1.png\" class=\"attachment-large size-large wp-image-1915\" alt=\"\" srcset=\"https:\/\/www.economicas.uba.ar\/ciudadesinteligentes\/wp-content\/uploads\/Imagen1.png 355w, https:\/\/www.economicas.uba.ar\/ciudadesinteligentes\/wp-content\/uploads\/Imagen1-300x281.png 300w\" sizes=\"(max-width: 355px) 100vw, 355px\" \/>\t\t\t\t\t\t\t\t\t\t\t\t\t\t\t<\/div>\n\t\t\t\t<\/div>\n\t\t\t\t<div class=\"elementor-element elementor-element-54f120a elementor-widget elementor-widget-text-editor\" data-id=\"54f120a\" data-element_type=\"widget\" data-e-type=\"widget\" data-widget_type=\"text-editor.default\">\n\t\t\t\t<div class=\"elementor-widget-container\">\n\t\t\t\t\t\t\t\t\t<p><span style=\"color: #333300;\"><strong>\u00bfPor qu\u00e9 trabajamos en su desarrollo?<br \/><\/strong>El proceso de auditor\u00eda que se lleva adelante a trav\u00e9s del Modelo Q permite realizar una <strong><u>Valuaci\u00f3n del Desarrollo Estrat\u00e9gico <\/u><\/strong>(VDE) a partir del cual se pueden detectar con claridad oportunidades de mejora y contar con mejores bases para una planificaci\u00f3n integral. El diagn\u00f3stico trazado, identifica puntos fuertes y d\u00e9biles que permiten desarrollar medidas que impulsen la innovaci\u00f3n, la inclusi\u00f3n y la resiliencia urbana representando una <strong>real mejora en la calidad de vida de sus habitantes<\/strong>.<\/span><\/p>\t\t\t\t\t\t\t\t<\/div>\n\t\t\t\t<\/div>\n\t\t\t\t<\/div>\n\t\t\t\t<\/div>\n\t\t<div id=\"e-n-tab-content-285080532\" role=\"tabpanel\" aria-labelledby=\"bg-consultoria\" data-tab-index=\"2\" style=\"--n-tabs-title-order: 2;\" class=\" elementor-element elementor-element-87ebbeb e-con-full e-flex e-con e-child\" data-id=\"87ebbeb\" data-element_type=\"container\" data-e-type=\"container\">\n\t\t<div class=\"elementor-element elementor-element-7fc8515 e-con-full e-flex e-con e-child\" data-id=\"7fc8515\" data-element_type=\"container\" data-e-type=\"container\" data-settings=\"{&quot;background_background&quot;:&quot;classic&quot;}\">\n\t\t\t\t<div class=\"elementor-element elementor-element-868740b elementor-widget elementor-widget-heading\" data-id=\"868740b\" data-element_type=\"widget\" data-e-type=\"widget\" data-widget_type=\"heading.default\">\n\t\t\t\t<div class=\"elementor-widget-container\">\n\t\t\t\t\t<h6 class=\"elementor-heading-title elementor-size-default\">Consultor\u00eda<\/h6>\t\t\t\t<\/div>\n\t\t\t\t<\/div>\n\t\t\t\t<div class=\"elementor-element elementor-element-b5a5c7d elementor-widget elementor-widget-image\" data-id=\"b5a5c7d\" data-element_type=\"widget\" data-e-type=\"widget\" data-widget_type=\"image.default\">\n\t\t\t\t<div class=\"elementor-widget-container\">\n\t\t\t\t\t\t\t\t\t\t\t\t\t\t\t<img decoding=\"async\" width=\"632\" height=\"158\" src=\"https:\/\/www.economicas.uba.ar\/ciudadesinteligentes\/wp-content\/uploads\/Imagen2.png\" class=\"attachment-large size-large wp-image-1916\" alt=\"\" srcset=\"https:\/\/www.economicas.uba.ar\/ciudadesinteligentes\/wp-content\/uploads\/Imagen2.png 632w, https:\/\/www.economicas.uba.ar\/ciudadesinteligentes\/wp-content\/uploads\/Imagen2-300x75.png 300w\" sizes=\"(max-width: 632px) 100vw, 632px\" \/>\t\t\t\t\t\t\t\t\t\t\t\t\t\t\t<\/div>\n\t\t\t\t<\/div>\n\t\t\t\t<\/div>\n\t\t\t\t<\/div>\n\t\t<div id=\"e-n-tab-content-285080533\" role=\"tabpanel\" aria-labelledby=\"bg-diplomatura\" data-tab-index=\"3\" style=\"--n-tabs-title-order: 3;\" class=\" elementor-element elementor-element-1875d9c e-con-full e-flex e-con e-child\" data-id=\"1875d9c\" data-element_type=\"container\" data-e-type=\"container\">\n\t\t<div class=\"elementor-element elementor-element-ab3914c e-con-full e-flex e-con e-child\" data-id=\"ab3914c\" data-element_type=\"container\" data-e-type=\"container\" data-settings=\"{&quot;background_background&quot;:&quot;classic&quot;}\">\n\t\t\t\t<div class=\"elementor-element elementor-element-7e123dc elementor-widget elementor-widget-heading\" data-id=\"7e123dc\" data-element_type=\"widget\" data-e-type=\"widget\" data-widget_type=\"heading.default\">\n\t\t\t\t<div class=\"elementor-widget-container\">\n\t\t\t\t\t<h6 class=\"elementor-heading-title elementor-size-default\">Diplomatura Gesti\u00f3n de Ciudades Inteligentes e Inclusivas\n<\/h6>\t\t\t\t<\/div>\n\t\t\t\t<\/div>\n\t\t\t\t<div class=\"elementor-element elementor-element-b48f46c elementor-widget elementor-widget-text-editor\" data-id=\"b48f46c\" data-element_type=\"widget\" data-e-type=\"widget\" data-widget_type=\"text-editor.default\">\n\t\t\t\t<div class=\"elementor-widget-container\">\n\t\t\t\t\t\t\t\t\t<p><span style=\"color: #333300;\">Las ciudades modernas, caracterizadas por su volatilidad, incertidumbre y complejidad, son sistemas socio-t\u00e9cnicos que demandan enfoques multidisciplinarios y flexibles para su gesti\u00f3n.<\/span><\/p><p><span style=\"color: #333300;\">El crecimiento demogr\u00e1fico y la expansi\u00f3n acelerada han dado lugar a megaciudades y nuevas formas urbanas generando desaf\u00edos in\u00e9ditos. \u200b Ante esta complejidad, se destaca la necesidad de pol\u00edticas p\u00fablicas participativas, \u00e1giles e innovadoras que promuevan integraci\u00f3n, intercambio y una mejora equitativa y sostenida para todos los habitantes.<\/span><\/p><p><span style=\"color: #333300;\">Con esta diplomatura apuntamos a desarrollar contenidos que permitan a las personas participantes adquirir perfiles comprometidos con las necesidades de cambio de los centros urbanos para hacerlos democr\u00e1ticos, resilientes y con la capacidad de innovaci\u00f3n necesaria que facilite la mejora sostenida en la calidad de vida de los ciudadanos.<\/span><\/p>\t\t\t\t\t\t\t\t<\/div>\n\t\t\t\t<\/div>\n\t\t\t\t<div class=\"elementor-element elementor-element-4ea23db elementor-widget elementor-widget-button\" data-id=\"4ea23db\" data-element_type=\"widget\" data-e-type=\"widget\" data-widget_type=\"button.default\">\n\t\t\t\t<div class=\"elementor-widget-container\">\n\t\t\t\t\t\t\t\t\t<div class=\"elementor-button-wrapper\">\n\t\t\t\t\t<a class=\"elementor-button elementor-button-link elementor-size-sm elementor-animation-bob\" href=\"https:\/\/diplomaturas.economicas.uba.ar\/diplomaturas\/322-2\/\">\n\t\t\t\t\t\t<span class=\"elementor-button-content-wrapper\">\n\t\t\t\t\t\t\t\t\t<span class=\"elementor-button-text\">Ver Programa<\/span>\n\t\t\t\t\t<\/span>\n\t\t\t\t\t<\/a>\n\t\t\t\t<\/div>\n\t\t\t\t\t\t\t\t<\/div>\n\t\t\t\t<\/div>\n\t\t\t\t<\/div>\n\t\t\t\t<\/div>\n\t\t\t\t\t<\/div>\n\t\t<\/div>\n\t\t\t\t\t\t<\/div>\n\t\t\t\t<\/div>\n\t\t\t\t\t<\/div>\n\t\t\t\t<\/div>\n\t\t<div class=\"elementor-element elementor-element-7345131 e-flex e-con-boxed e-con e-parent\" data-id=\"7345131\" data-element_type=\"container\" data-e-type=\"container\">\n\t\t\t\t\t<div class=\"e-con-inner\">\n\t\t\t\t\t<\/div>\n\t\t\t\t<\/div>\n\t\t\t\t<\/div>\n\t\t","protected":false},"excerpt":{"rendered":"<p>Modelo Q Consultor\u00eda Diplomatura Modelo Q de Valuaci\u00f3n de Desarrollo Estrat\u00e9gico de Ciudades \u00bfQu\u00e9 es? Es un modelo de gesti\u00f3n profesional que tiene como finalidad realizar trabajo colaborativo con gobiernos<\/p>\n","protected":false},"author":2,"featured_media":0,"parent":0,"menu_order":0,"comment_status":"closed","ping_status":"closed","template":"elementor_header_footer","meta":{"footnotes":""},"class_list":["post-1492","page","type-page","status-publish","hentry"],"yoast_head":"<!-- This site is optimized with the Yoast SEO plugin v27.4 - https:\/\/yoast.com\/product\/yoast-seo-wordpress\/ -->\n<title>Ciudades Inteligentes<\/title>\n<meta name=\"description\" content=\"El Centro de Ciudades Inteligentes (CCI) es un centro t\u00e9cnico dependiente de la Facultad de Ciencias Econ\u00f3micas de la UBA centrado en la investigaci\u00f3n, asistencia y transferencia t\u00e9cnica para fomentar, facilitar, apoyar y participar en la implementaci\u00f3n efectiva de iniciativas Smart Cities.\" \/>\n<meta name=\"robots\" content=\"noindex, follow, max-snippet:-1, max-image-preview:large, max-video-preview:-1\" \/>\n<meta property=\"og:locale\" content=\"es_ES\" \/>\n<meta property=\"og:type\" content=\"article\" \/>\n<meta property=\"og:title\" content=\"Ciudades Inteligentes\" \/>\n<meta property=\"og:description\" content=\"El Centro de Ciudades Inteligentes (CCI) es un centro t\u00e9cnico dependiente de la Facultad de Ciencias Econ\u00f3micas de la UBA centrado en la investigaci\u00f3n, asistencia y transferencia t\u00e9cnica para fomentar, facilitar, apoyar y participar en la implementaci\u00f3n efectiva de iniciativas Smart Cities.\" \/>\n<meta property=\"og:url\" content=\"https:\/\/www.economicas.uba.ar\/ciudadesinteligentes\/capacitaciones-y-servicios\/\" \/>\n<meta property=\"og:site_name\" content=\"Ciudades Inteligentes\" \/>\n<meta property=\"article:modified_time\" content=\"2025-07-25T17:35:39+00:00\" \/>\n<meta property=\"og:image\" content=\"https:\/\/www.economicas.uba.ar\/ciudadesinteligentes\/wp-content\/uploads\/Imagen1.png\" \/>\n\t<meta property=\"og:image:width\" content=\"355\" \/>\n\t<meta property=\"og:image:height\" content=\"333\" \/>\n\t<meta property=\"og:image:type\" content=\"image\/png\" \/>\n<meta name=\"twitter:card\" content=\"summary_large_image\" \/>\n<meta name=\"twitter:label1\" content=\"Tiempo de lectura\" \/>\n\t<meta name=\"twitter:data1\" content=\"4 minutos\" \/>\n<script type=\"application\/ld+json\" class=\"yoast-schema-graph\">{\"@context\":\"https:\\\/\\\/schema.org\",\"@graph\":[{\"@type\":\"WebPage\",\"@id\":\"https:\\\/\\\/www.economicas.uba.ar\\\/ciudadesinteligentes\\\/capacitaciones-y-servicios\\\/\",\"url\":\"https:\\\/\\\/www.economicas.uba.ar\\\/ciudadesinteligentes\\\/capacitaciones-y-servicios\\\/\",\"name\":\"Ciudades Inteligentes\",\"isPartOf\":{\"@id\":\"https:\\\/\\\/www.economicas.uba.ar\\\/ciudadesinteligentes\\\/#website\"},\"primaryImageOfPage\":{\"@id\":\"https:\\\/\\\/www.economicas.uba.ar\\\/ciudadesinteligentes\\\/capacitaciones-y-servicios\\\/#primaryimage\"},\"image\":{\"@id\":\"https:\\\/\\\/www.economicas.uba.ar\\\/ciudadesinteligentes\\\/capacitaciones-y-servicios\\\/#primaryimage\"},\"thumbnailUrl\":\"https:\\\/\\\/www.economicas.uba.ar\\\/ciudadesinteligentes\\\/wp-content\\\/uploads\\\/Imagen1.png\",\"datePublished\":\"2025-03-20T14:35:49+00:00\",\"dateModified\":\"2025-07-25T17:35:39+00:00\",\"description\":\"El Centro de Ciudades Inteligentes (CCI) es un centro t\u00e9cnico dependiente de la Facultad de Ciencias Econ\u00f3micas de la UBA centrado en la investigaci\u00f3n, asistencia y transferencia t\u00e9cnica para fomentar, facilitar, apoyar y participar en la implementaci\u00f3n efectiva de iniciativas Smart Cities.\",\"breadcrumb\":{\"@id\":\"https:\\\/\\\/www.economicas.uba.ar\\\/ciudadesinteligentes\\\/capacitaciones-y-servicios\\\/#breadcrumb\"},\"inLanguage\":\"es-AR\",\"potentialAction\":[{\"@type\":\"ReadAction\",\"target\":[\"https:\\\/\\\/www.economicas.uba.ar\\\/ciudadesinteligentes\\\/capacitaciones-y-servicios\\\/\"]}]},{\"@type\":\"ImageObject\",\"inLanguage\":\"es-AR\",\"@id\":\"https:\\\/\\\/www.economicas.uba.ar\\\/ciudadesinteligentes\\\/capacitaciones-y-servicios\\\/#primaryimage\",\"url\":\"https:\\\/\\\/www.economicas.uba.ar\\\/ciudadesinteligentes\\\/wp-content\\\/uploads\\\/Imagen1.png\",\"contentUrl\":\"https:\\\/\\\/www.economicas.uba.ar\\\/ciudadesinteligentes\\\/wp-content\\\/uploads\\\/Imagen1.png\",\"width\":355,\"height\":333},{\"@type\":\"BreadcrumbList\",\"@id\":\"https:\\\/\\\/www.economicas.uba.ar\\\/ciudadesinteligentes\\\/capacitaciones-y-servicios\\\/#breadcrumb\",\"itemListElement\":[{\"@type\":\"ListItem\",\"position\":1,\"name\":\"Inicio\",\"item\":\"https:\\\/\\\/www.economicas.uba.ar\\\/ciudadesinteligentes\\\/\"},{\"@type\":\"ListItem\",\"position\":2,\"name\":\"Capacitaciones y Servicios\"}]},{\"@type\":\"WebSite\",\"@id\":\"https:\\\/\\\/www.economicas.uba.ar\\\/ciudadesinteligentes\\\/#website\",\"url\":\"https:\\\/\\\/www.economicas.uba.ar\\\/ciudadesinteligentes\\\/\",\"name\":\"Ciudades Inteligentes\",\"description\":\"\",\"publisher\":{\"@id\":\"https:\\\/\\\/www.economicas.uba.ar\\\/ciudadesinteligentes\\\/#organization\"},\"potentialAction\":[{\"@type\":\"SearchAction\",\"target\":{\"@type\":\"EntryPoint\",\"urlTemplate\":\"https:\\\/\\\/www.economicas.uba.ar\\\/ciudadesinteligentes\\\/?s={search_term_string}\"},\"query-input\":{\"@type\":\"PropertyValueSpecification\",\"valueRequired\":true,\"valueName\":\"search_term_string\"}}],\"inLanguage\":\"es-AR\"},{\"@type\":\"Organization\",\"@id\":\"https:\\\/\\\/www.economicas.uba.ar\\\/ciudadesinteligentes\\\/#organization\",\"name\":\"Ciudades Inteligentes\",\"url\":\"https:\\\/\\\/www.economicas.uba.ar\\\/ciudadesinteligentes\\\/\",\"logo\":{\"@type\":\"ImageObject\",\"inLanguage\":\"es-AR\",\"@id\":\"https:\\\/\\\/www.economicas.uba.ar\\\/ciudadesinteligentes\\\/#\\\/schema\\\/logo\\\/image\\\/\",\"url\":\"https:\\\/\\\/www.economicas.uba.ar\\\/ciudadesinteligentes\\\/wp-content\\\/uploads\\\/logo-1-1.png\",\"contentUrl\":\"https:\\\/\\\/www.economicas.uba.ar\\\/ciudadesinteligentes\\\/wp-content\\\/uploads\\\/logo-1-1.png\",\"width\":350,\"height\":160,\"caption\":\"Ciudades Inteligentes\"},\"image\":{\"@id\":\"https:\\\/\\\/www.economicas.uba.ar\\\/ciudadesinteligentes\\\/#\\\/schema\\\/logo\\\/image\\\/\"}}]}<\/script>\n<!-- \/ Yoast SEO plugin. -->","yoast_head_json":{"title":"Ciudades Inteligentes","description":"El Centro de Ciudades Inteligentes (CCI) es un centro t\u00e9cnico dependiente de la Facultad de Ciencias Econ\u00f3micas de la UBA centrado en la investigaci\u00f3n, asistencia y transferencia t\u00e9cnica para fomentar, facilitar, apoyar y participar en la implementaci\u00f3n efectiva de iniciativas Smart Cities.","robots":{"index":"noindex","follow":"follow","max-snippet":"max-snippet:-1","max-image-preview":"max-image-preview:large","max-video-preview":"max-video-preview:-1"},"og_locale":"es_ES","og_type":"article","og_title":"Ciudades Inteligentes","og_description":"El Centro de Ciudades Inteligentes (CCI) es un centro t\u00e9cnico dependiente de la Facultad de Ciencias Econ\u00f3micas de la UBA centrado en la investigaci\u00f3n, asistencia y transferencia t\u00e9cnica para fomentar, facilitar, apoyar y participar en la implementaci\u00f3n efectiva de iniciativas Smart Cities.","og_url":"https:\/\/www.economicas.uba.ar\/ciudadesinteligentes\/capacitaciones-y-servicios\/","og_site_name":"Ciudades Inteligentes","article_modified_time":"2025-07-25T17:35:39+00:00","og_image":[{"width":355,"height":333,"url":"https:\/\/www.economicas.uba.ar\/ciudadesinteligentes\/wp-content\/uploads\/Imagen1.png","type":"image\/png"}],"twitter_card":"summary_large_image","twitter_misc":{"Tiempo de lectura":"4 minutos"},"schema":{"@context":"https:\/\/schema.org","@graph":[{"@type":"WebPage","@id":"https:\/\/www.economicas.uba.ar\/ciudadesinteligentes\/capacitaciones-y-servicios\/","url":"https:\/\/www.economicas.uba.ar\/ciudadesinteligentes\/capacitaciones-y-servicios\/","name":"Ciudades Inteligentes","isPartOf":{"@id":"https:\/\/www.economicas.uba.ar\/ciudadesinteligentes\/#website"},"primaryImageOfPage":{"@id":"https:\/\/www.economicas.uba.ar\/ciudadesinteligentes\/capacitaciones-y-servicios\/#primaryimage"},"image":{"@id":"https:\/\/www.economicas.uba.ar\/ciudadesinteligentes\/capacitaciones-y-servicios\/#primaryimage"},"thumbnailUrl":"https:\/\/www.economicas.uba.ar\/ciudadesinteligentes\/wp-content\/uploads\/Imagen1.png","datePublished":"2025-03-20T14:35:49+00:00","dateModified":"2025-07-25T17:35:39+00:00","description":"El Centro de Ciudades Inteligentes (CCI) es un centro t\u00e9cnico dependiente de la Facultad de Ciencias Econ\u00f3micas de la UBA centrado en la investigaci\u00f3n, asistencia y transferencia t\u00e9cnica para fomentar, facilitar, apoyar y participar en la implementaci\u00f3n efectiva de iniciativas Smart Cities.","breadcrumb":{"@id":"https:\/\/www.economicas.uba.ar\/ciudadesinteligentes\/capacitaciones-y-servicios\/#breadcrumb"},"inLanguage":"es-AR","potentialAction":[{"@type":"ReadAction","target":["https:\/\/www.economicas.uba.ar\/ciudadesinteligentes\/capacitaciones-y-servicios\/"]}]},{"@type":"ImageObject","inLanguage":"es-AR","@id":"https:\/\/www.economicas.uba.ar\/ciudadesinteligentes\/capacitaciones-y-servicios\/#primaryimage","url":"https:\/\/www.economicas.uba.ar\/ciudadesinteligentes\/wp-content\/uploads\/Imagen1.png","contentUrl":"https:\/\/www.economicas.uba.ar\/ciudadesinteligentes\/wp-content\/uploads\/Imagen1.png","width":355,"height":333},{"@type":"BreadcrumbList","@id":"https:\/\/www.economicas.uba.ar\/ciudadesinteligentes\/capacitaciones-y-servicios\/#breadcrumb","itemListElement":[{"@type":"ListItem","position":1,"name":"Inicio","item":"https:\/\/www.economicas.uba.ar\/ciudadesinteligentes\/"},{"@type":"ListItem","position":2,"name":"Capacitaciones y Servicios"}]},{"@type":"WebSite","@id":"https:\/\/www.economicas.uba.ar\/ciudadesinteligentes\/#website","url":"https:\/\/www.economicas.uba.ar\/ciudadesinteligentes\/","name":"Ciudades Inteligentes","description":"","publisher":{"@id":"https:\/\/www.economicas.uba.ar\/ciudadesinteligentes\/#organization"},"potentialAction":[{"@type":"SearchAction","target":{"@type":"EntryPoint","urlTemplate":"https:\/\/www.economicas.uba.ar\/ciudadesinteligentes\/?s={search_term_string}"},"query-input":{"@type":"PropertyValueSpecification","valueRequired":true,"valueName":"search_term_string"}}],"inLanguage":"es-AR"},{"@type":"Organization","@id":"https:\/\/www.economicas.uba.ar\/ciudadesinteligentes\/#organization","name":"Ciudades Inteligentes","url":"https:\/\/www.economicas.uba.ar\/ciudadesinteligentes\/","logo":{"@type":"ImageObject","inLanguage":"es-AR","@id":"https:\/\/www.economicas.uba.ar\/ciudadesinteligentes\/#\/schema\/logo\/image\/","url":"https:\/\/www.economicas.uba.ar\/ciudadesinteligentes\/wp-content\/uploads\/logo-1-1.png","contentUrl":"https:\/\/www.economicas.uba.ar\/ciudadesinteligentes\/wp-content\/uploads\/logo-1-1.png","width":350,"height":160,"caption":"Ciudades Inteligentes"},"image":{"@id":"https:\/\/www.economicas.uba.ar\/ciudadesinteligentes\/#\/schema\/logo\/image\/"}}]}},"_links":{"self":[{"href":"https:\/\/www.economicas.uba.ar\/ciudadesinteligentes\/wp-json\/wp\/v2\/pages\/1492","targetHints":{"allow":["GET"]}}],"collection":[{"href":"https:\/\/www.economicas.uba.ar\/ciudadesinteligentes\/wp-json\/wp\/v2\/pages"}],"about":[{"href":"https:\/\/www.economicas.uba.ar\/ciudadesinteligentes\/wp-json\/wp\/v2\/types\/page"}],"author":[{"embeddable":true,"href":"https:\/\/www.economicas.uba.ar\/ciudadesinteligentes\/wp-json\/wp\/v2\/users\/2"}],"replies":[{"embeddable":true,"href":"https:\/\/www.economicas.uba.ar\/ciudadesinteligentes\/wp-json\/wp\/v2\/comments?post=1492"}],"version-history":[{"count":47,"href":"https:\/\/www.economicas.uba.ar\/ciudadesinteligentes\/wp-json\/wp\/v2\/pages\/1492\/revisions"}],"predecessor-version":[{"id":1949,"href":"https:\/\/www.economicas.uba.ar\/ciudadesinteligentes\/wp-json\/wp\/v2\/pages\/1492\/revisions\/1949"}],"wp:attachment":[{"href":"https:\/\/www.economicas.uba.ar\/ciudadesinteligentes\/wp-json\/wp\/v2\/media?parent=1492"}],"curies":[{"name":"wp","href":"https:\/\/api.w.org\/{rel}","templated":true}]}}