{"id":41,"date":"2020-08-13T14:24:47","date_gmt":"2020-08-13T17:24:47","guid":{"rendered":"https:\/\/www.economicas.uba.ar\/doctorado\/?page_id=41"},"modified":"2026-03-31T11:40:36","modified_gmt":"2026-03-31T14:40:36","slug":"doctorado-2","status":"publish","type":"page","link":"https:\/\/www.economicas.uba.ar\/doctorado\/","title":{"rendered":"principal"},"content":{"rendered":"\t\t<div data-elementor-type=\"wp-page\" data-elementor-id=\"41\" class=\"elementor elementor-41\" data-elementor-post-type=\"page\">\n\t\t\t\t<div class=\"elementor-element elementor-element-e9de9cb e-flex e-con-boxed elementor-invisible e-con e-parent\" data-id=\"e9de9cb\" data-element_type=\"container\" data-e-type=\"container\" data-settings=\"{&quot;background_background&quot;:&quot;classic&quot;,&quot;animation&quot;:&quot;zoomInDown&quot;}\">\n\t\t\t\t\t<div class=\"e-con-inner\">\n\t\t<div class=\"elementor-element elementor-element-2613fac e-con-full e-flex e-con e-child\" data-id=\"2613fac\" data-element_type=\"container\" data-e-type=\"container\">\n\t\t\t\t<div class=\"elementor-element elementor-element-34a54df elementor-widget elementor-widget-heading\" data-id=\"34a54df\" data-element_type=\"widget\" data-e-type=\"widget\" data-widget_type=\"heading.default\">\n\t\t\t\t<div class=\"elementor-widget-container\">\n\t\t\t\t\t<h2 class=\"elementor-heading-title elementor-size-default\">Doctorado y Posdoctorado<\/h2>\t\t\t\t<\/div>\n\t\t\t\t<\/div>\n\t\t\t\t<div class=\"elementor-element elementor-element-9820dd3 elementor-widget elementor-widget-text-editor\" data-id=\"9820dd3\" data-element_type=\"widget\" data-e-type=\"widget\" data-widget_type=\"text-editor.default\">\n\t\t\t\t<div class=\"elementor-widget-container\">\n\t\t\t\t\t\t\t\t\t<h6>La Secretar\u00eda de Doctorado y Posdoctorado tiene como funci\u00f3n conducir las Carreras de Doctorado de la Universidad de Buenos Aires. Conducir las Carreras de Posdoctorado de la Facultad de Ciencias Econ\u00f3micas.\u00a0<\/h6><p>Consolidar procesos de cooperaci\u00f3n e intercambio con otras casas de altos estudios a trav\u00e9s de convenios espec\u00edficos con fines de internacionalizaci\u00f3n de las investigaciones doctorales.<\/p><p>Lograr un entendimiento contempor\u00e1neo de las ciencias econ\u00f3micas a los fines de involucrarse desde la Universidad con los debates con y para la sociedad.<\/p><p>Promover un enfoque interdisciplinario y comparado de las tem\u00e1ticas de estudio vinculadas a las a problem\u00e1ticas concretas tanto a nivel doctoral como posdoctoral.<\/p><p>Propiciar la discusi\u00f3n de las problem\u00e1ticas de las investigaciones cient\u00edficas generadas dentro de un marco de posdoctoraci\u00f3n.<\/p><h2>\u00a0<\/h2><h2>Autoridades<\/h2><h2><em><span style=\"color: #ff6600;\">Secretaria de Doctorado y\u00a0 Posdoctorado<\/span><\/em><\/h2><h4>Dra. Mar\u00eda Teresa CASPARRI<\/h4><p>Doctora en Ciencias Econ\u00f3micas, Actuaria, Licenciada en Econom\u00eda, Contadora P\u00fablica (UBA). Profesora Em\u00e9rita de la Universidad de Buenos Aires. Profesora de Grado, Posgrado y Doctorado UBA. Secretaria de Doctorado y Posdoctorado de la Facultad de Ciencias Econ\u00f3micas. Directora del Instituto de Investigaciones en Administraci\u00f3n, Contabilidad y M\u00e9todos Cuantitativos para la Gesti\u00f3n \u2013 UBA. Directora del Centro de Investigaci\u00f3n en M\u00e9todos Cuantitativos Aplicados a la Econom\u00eda y la Gesti\u00f3n. Directora de la maestr\u00eda en gesti\u00f3n econ\u00f3mica y financiera de riesgos. Directora de la maestr\u00eda y especializaci\u00f3n para la gesti\u00f3n y an\u00e1lisis de datos de las organizaciones Profesora de posgrados de varias universidades en el pa\u00eds y en el exterior. Miembro Titular de la Comisi\u00f3n de Doctorado, Orientaciones en Administraci\u00f3n y Finanzas y de la Comisi\u00f3n de Posdoctorado en Ciencias Econ\u00f3micas. Integrante de la Comisi\u00f3n Cient\u00edfica del PIUBACC. Miembro de las Comisiones Acad\u00e9micas de las Maestr\u00edas de Administraci\u00f3n, Administraci\u00f3n P\u00fablica, Gesti\u00f3n Econ\u00f3mica Financiera de la Seguridad Social \u2013 FCE y en Docencia Universitaria \u2013 UBA. Docente Investigadora Categor\u00eda I. Miembro del Consejo Directivo desde el a\u00f1o 1983 en forma ininterrumpida. Miembro de la Comisi\u00f3n de Em\u00e9ritos del Consejo Superior de la Universidad de Buenos Aires. Cumpli\u00f3 funciones como: Directora del Departamento de Matem\u00e1tica, Directora de la Carrera Docente.<\/p><p>Expositora en numerosos eventos en el pa\u00eds y en el exterior vinculados a sus especialidades. Autora de numerosos libros. Secretaria Acad\u00e9mica de la FCE durante dos per\u00edodos. Ex vicerrectora de la Escuela Superior de Comercio Carlos Pellegrini.<\/p><p>Inicio su carrera docente en 1956 en la FCE-UBA, obteniendo cargos regulares en las sucesivas categor\u00edas concursadas hasta el cargo de profesora titular del \u00c1rea Actuarial. Profesora Titular Consulta.<\/p><p>Ha recibido, entre tantos, los siguientes premios y condecoraciones: Pionera por sus logros acad\u00e9micos y profesionales, 2024. Recibi\u00f3 el Reconocimiento a su contribuci\u00f3n cient\u00edfica a las Ciencias Econ\u00f3micas y a la gesti\u00f3n acad\u00e9mica de la Facultad de Ciencias Econ\u00f3micas, 2023. Fue nombrada Profesora Destacada en Ense\u00f1anza Secundaria de la Universidad de Buenos Aires, 2023. Doctor Honoris Causa, Universidad Nacional del Oeste, Departamento de Administraci\u00f3n, 2021; Premio Facultad por Tesis Doctoral; Premio a la trayectoria de m\u00e1s de 50 a\u00f1os en la docencia; Reconocimiento a Profesores Em\u00e9ritos, 2014. Premio y reconocimiento por destacada trayectoria en el d\u00eda de la mujer \u2013 Ciudad Aut\u00f3noma de Buenos Aires, 2013. Premio Facultad de Ciencias Econ\u00f3micas (Resoluci\u00f3n 3215\/13) Universidad de Buenos Aires, 2013. Premio Trayectoria Profesional en Ciencias Econ\u00f3micas \u2013 Consejo Profesional en Ciencias Econ\u00f3micas, 2013. Premio Trayectoria Profesional en Ciencias Econ\u00f3micas \u2013 Consejo Profesional en Ciencias Econ\u00f3micas \u2013 Universidad de Buenos Aires, 2011.<\/p><p>\u00a0<\/p><p>Recientemente ha publicado los siguientes libros: \u201cLas Organizaciones frente a los Cambios Tecnol\u00f3gicos y la Longevidad despu\u00e9s de la Pandemia\u201d y &#8220;M\u00e9todos Cuantitativos para las Ciencias Econ\u00f3micas&#8221;, ambos editados por la Facultad de Ciencias Econ\u00f3micas -UBA- y la &#8220;Estad\u00edstica como Herramienta en la Gesti\u00f3n de Seguros Patrimoniales&#8221;, editado por EUDEBA.<\/p>\t\t\t\t\t\t\t\t<\/div>\n\t\t\t\t<\/div>\n\t\t<div class=\"elementor-element elementor-element-4ba40c4 e-flex e-con-boxed e-con e-child\" data-id=\"4ba40c4\" data-element_type=\"container\" data-e-type=\"container\" data-settings=\"{&quot;background_background&quot;:&quot;classic&quot;}\">\n\t\t\t\t\t<div class=\"e-con-inner\">\n\t\t\t\t<div class=\"elementor-element elementor-element-74295c0 elementor-widget elementor-widget-text-editor\" data-id=\"74295c0\" data-element_type=\"widget\" data-e-type=\"widget\" data-widget_type=\"text-editor.default\">\n\t\t\t\t<div class=\"elementor-widget-container\">\n\t\t\t\t\t\t\t\t\t<h5><strong>DOCTORADOS QUE OFRECE LA FACULTAD\u00a0<\/strong><\/h5>\t\t\t\t\t\t\t\t<\/div>\n\t\t\t\t<\/div>\n\t\t\t\t\t<\/div>\n\t\t\t\t<\/div>\n\t\t<div class=\"elementor-element elementor-element-8b8588f e-flex e-con-boxed e-con e-child\" data-id=\"8b8588f\" data-element_type=\"container\" data-e-type=\"container\">\n\t\t\t\t\t<div class=\"e-con-inner\">\n\t\t\t\t<div class=\"elementor-element elementor-element-c4b9413 elementor-widget elementor-widget-text-editor\" data-id=\"c4b9413\" data-element_type=\"widget\" data-e-type=\"widget\" data-widget_type=\"text-editor.default\">\n\t\t\t\t<div class=\"elementor-widget-container\">\n\t\t\t\t\t\t\t\t\t<h4>Sub\u00e1reas:<strong><br \/><\/strong><\/h4><ul><li>Actuarial<\/li><li>Administraci\u00f3n<\/li><li>Administraci\u00f3n P\u00fablica<\/li><li>Contabilidad<\/li><li>Econom\u00eda<\/li><li>Finanzas<\/li><li>Sistemas<\/li><li>Tributaci\u00f3n<\/li><\/ul>\t\t\t\t\t\t\t\t<\/div>\n\t\t\t\t<\/div>\n\t\t<div class=\"elementor-element elementor-element-b033606 e-flex e-con-boxed e-con e-child\" data-id=\"b033606\" data-element_type=\"container\" data-e-type=\"container\" data-settings=\"{&quot;background_background&quot;:&quot;classic&quot;}\">\n\t\t\t\t\t<div class=\"e-con-inner\">\n\t\t\t\t<div class=\"elementor-element elementor-element-b20d113 elementor-widget elementor-widget-text-editor\" data-id=\"b20d113\" data-element_type=\"widget\" data-e-type=\"widget\" data-widget_type=\"text-editor.default\">\n\t\t\t\t<div class=\"elementor-widget-container\">\n\t\t\t\t\t\t\t\t\t<h5><strong>T\u00cdTULO QUE OTORGA LA FACULTAD<\/strong><\/h5>\t\t\t\t\t\t\t\t<\/div>\n\t\t\t\t<\/div>\n\t\t\t\t\t<\/div>\n\t\t\t\t<\/div>\n\t\t\t\t\t<\/div>\n\t\t\t\t<\/div>\n\t\t<div class=\"elementor-element elementor-element-2097a77 e-con-full e-flex e-con e-child\" data-id=\"2097a77\" data-element_type=\"container\" data-e-type=\"container\">\n\t\t\t\t<div class=\"elementor-element elementor-element-eccefac elementor-widget__width-initial elementor-widget elementor-widget-text-editor\" data-id=\"eccefac\" data-element_type=\"widget\" data-e-type=\"widget\" data-widget_type=\"text-editor.default\">\n\t\t\t\t<div class=\"elementor-widget-container\">\n\t\t\t\t\t\t\t\t\t<h6><em><strong>\u201cDoctor de la Universidad de Buenos Aires \u2013\u00a0<\/strong><\/em><em><strong>\u00c1rea Ciencias Econ\u00f3micas\u201d\u00a0<\/strong><\/em><\/h6><h6>Sub\u00e1rea:<\/h6><p>Actuario \u2013 Administraci\u00f3n \u2013 Administraci\u00f3n P\u00fablica \u2013 Contabilidad \u2013 Econom\u00eda \u2013 Finanzas \u2013 Sistemas \u2013 Tributaci\u00f3n<\/p>\t\t\t\t\t\t\t\t<\/div>\n\t\t\t\t<\/div>\n\t\t\t\t<\/div>\n\t\t\t\t<\/div>\n\t\t\t\t\t<\/div>\n\t\t\t\t<\/div>\n\t\t<div class=\"elementor-element elementor-element-ddbd15d e-flex e-con-boxed e-con e-parent\" data-id=\"ddbd15d\" data-element_type=\"container\" data-e-type=\"container\">\n\t\t\t\t\t<div class=\"e-con-inner\">\n\t\t\t\t<div class=\"elementor-element elementor-element-37d2321 elementor-widget elementor-widget-image\" data-id=\"37d2321\" data-element_type=\"widget\" data-e-type=\"widget\" data-widget_type=\"image.default\">\n\t\t\t\t<div class=\"elementor-widget-container\">\n\t\t\t\t\t\t\t\t\t\t\t\t\t\t\t\t<a href=\"https:\/\/drive.google.com\/file\/d\/1hRbjKu_W-gbM_cPC0fsikQCwtI-AETKG\/view?usp=sharing\">\n\t\t\t\t\t\t\t<img fetchpriority=\"high\" decoding=\"async\" width=\"1280\" height=\"720\" src=\"https:\/\/www.economicas.uba.ar\/doctorado\/wp-content\/uploads\/OFERTA-2026-CON-LOGO-VERTICAL.jpg\" class=\"attachment-1536x1536 size-1536x1536 wp-image-2205\" alt=\"\" srcset=\"https:\/\/www.economicas.uba.ar\/doctorado\/wp-content\/uploads\/OFERTA-2026-CON-LOGO-VERTICAL.jpg 1280w, https:\/\/www.economicas.uba.ar\/doctorado\/wp-content\/uploads\/OFERTA-2026-CON-LOGO-VERTICAL-300x169.jpg 300w, https:\/\/www.economicas.uba.ar\/doctorado\/wp-content\/uploads\/OFERTA-2026-CON-LOGO-VERTICAL-768x432.jpg 768w\" sizes=\"(max-width: 1280px) 100vw, 1280px\" \/>\t\t\t\t\t\t\t\t<\/a>\n\t\t\t\t\t\t\t\t\t\t\t\t\t\t\t<\/div>\n\t\t\t\t<\/div>\n\t\t\t\t\t<\/div>\n\t\t\t\t<\/div>\n\t\t\t\t<\/div>\n\t\t","protected":false},"excerpt":{"rendered":"<p>Doctorado y Posdoctorado La Secretar\u00eda de Doctorado y Posdoctorado tiene como funci\u00f3n conducir las Carreras de Doctorado de la Universidad de Buenos Aires. Conducir las Carreras de Posdoctorado de la<\/p>\n","protected":false},"author":2,"featured_media":0,"parent":0,"menu_order":0,"comment_status":"closed","ping_status":"closed","template":"elementor_header_footer","meta":{"footnotes":""},"class_list":["post-41","page","type-page","status-publish","hentry"],"yoast_head":"<!-- This site is optimized with the Yoast SEO plugin v27.4 - https:\/\/yoast.com\/product\/yoast-seo-wordpress\/ -->\n<title>Investigaci\u00f3n<\/title>\n<meta name=\"robots\" content=\"index, follow, max-snippet:-1, max-image-preview:large, max-video-preview:-1\" \/>\n<link rel=\"canonical\" href=\"https:\/\/www.economicas.uba.ar\/doctorado\/\" \/>\n<meta property=\"og:locale\" content=\"es_ES\" \/>\n<meta property=\"og:type\" content=\"article\" \/>\n<meta property=\"og:title\" content=\"Investigaci\u00f3n\" \/>\n<meta property=\"og:description\" content=\"Doctorado y Posdoctorado La Secretar\u00eda de Doctorado y Posdoctorado tiene como funci\u00f3n conducir las Carreras de Doctorado de la Universidad de Buenos Aires. Conducir las Carreras de Posdoctorado de la\" \/>\n<meta property=\"og:url\" content=\"https:\/\/www.economicas.uba.ar\/doctorado\/\" \/>\n<meta property=\"og:site_name\" content=\"Investigaci\u00f3n\" \/>\n<meta property=\"article:modified_time\" content=\"2026-03-31T14:40:36+00:00\" \/>\n<meta property=\"og:image\" content=\"https:\/\/www.economicas.uba.ar\/doctorado\/wp-content\/uploads\/OFERTA-2026-CON-LOGO-VERTICAL.jpg\" \/>\n\t<meta property=\"og:image:width\" content=\"1280\" \/>\n\t<meta property=\"og:image:height\" content=\"720\" \/>\n\t<meta property=\"og:image:type\" content=\"image\/jpeg\" \/>\n<meta name=\"twitter:card\" content=\"summary_large_image\" \/>\n<meta name=\"twitter:label1\" content=\"Tiempo de lectura\" \/>\n\t<meta name=\"twitter:data1\" content=\"4 minutos\" \/>\n<script type=\"application\/ld+json\" class=\"yoast-schema-graph\">{\"@context\":\"https:\\\/\\\/schema.org\",\"@graph\":[{\"@type\":\"WebPage\",\"@id\":\"https:\\\/\\\/www.economicas.uba.ar\\\/doctorado\\\/\",\"url\":\"https:\\\/\\\/www.economicas.uba.ar\\\/doctorado\\\/\",\"name\":\"Investigaci\u00f3n\",\"isPartOf\":{\"@id\":\"https:\\\/\\\/www.economicas.uba.ar\\\/doctorado\\\/#website\"},\"primaryImageOfPage\":{\"@id\":\"https:\\\/\\\/www.economicas.uba.ar\\\/doctorado\\\/#primaryimage\"},\"image\":{\"@id\":\"https:\\\/\\\/www.economicas.uba.ar\\\/doctorado\\\/#primaryimage\"},\"thumbnailUrl\":\"https:\\\/\\\/www.economicas.uba.ar\\\/doctorado\\\/wp-content\\\/uploads\\\/OFERTA-2026-CON-LOGO-VERTICAL.jpg\",\"datePublished\":\"2020-08-13T17:24:47+00:00\",\"dateModified\":\"2026-03-31T14:40:36+00:00\",\"breadcrumb\":{\"@id\":\"https:\\\/\\\/www.economicas.uba.ar\\\/doctorado\\\/#breadcrumb\"},\"inLanguage\":\"es-AR\",\"potentialAction\":[{\"@type\":\"ReadAction\",\"target\":[\"https:\\\/\\\/www.economicas.uba.ar\\\/doctorado\\\/\"]}]},{\"@type\":\"ImageObject\",\"inLanguage\":\"es-AR\",\"@id\":\"https:\\\/\\\/www.economicas.uba.ar\\\/doctorado\\\/#primaryimage\",\"url\":\"https:\\\/\\\/www.economicas.uba.ar\\\/doctorado\\\/wp-content\\\/uploads\\\/OFERTA-2026-CON-LOGO-VERTICAL.jpg\",\"contentUrl\":\"https:\\\/\\\/www.economicas.uba.ar\\\/doctorado\\\/wp-content\\\/uploads\\\/OFERTA-2026-CON-LOGO-VERTICAL.jpg\",\"width\":1280,\"height\":720},{\"@type\":\"BreadcrumbList\",\"@id\":\"https:\\\/\\\/www.economicas.uba.ar\\\/doctorado\\\/#breadcrumb\",\"itemListElement\":[{\"@type\":\"ListItem\",\"position\":1,\"name\":\"Inicio\",\"item\":\"https:\\\/\\\/www.economicas.uba.ar\\\/doctorado\\\/\"},{\"@type\":\"ListItem\",\"position\":2,\"name\":\"principal\"}]},{\"@type\":\"WebSite\",\"@id\":\"https:\\\/\\\/www.economicas.uba.ar\\\/doctorado\\\/#website\",\"url\":\"https:\\\/\\\/www.economicas.uba.ar\\\/doctorado\\\/\",\"name\":\"Doctorado FCE\",\"description\":\"\",\"publisher\":{\"@id\":\"https:\\\/\\\/www.economicas.uba.ar\\\/doctorado\\\/#organization\"},\"potentialAction\":[{\"@type\":\"SearchAction\",\"target\":{\"@type\":\"EntryPoint\",\"urlTemplate\":\"https:\\\/\\\/www.economicas.uba.ar\\\/doctorado\\\/?s={search_term_string}\"},\"query-input\":{\"@type\":\"PropertyValueSpecification\",\"valueRequired\":true,\"valueName\":\"search_term_string\"}}],\"inLanguage\":\"es-AR\"},{\"@type\":\"Organization\",\"@id\":\"https:\\\/\\\/www.economicas.uba.ar\\\/doctorado\\\/#organization\",\"name\":\"Doctorado FCE\",\"url\":\"https:\\\/\\\/www.economicas.uba.ar\\\/doctorado\\\/\",\"logo\":{\"@type\":\"ImageObject\",\"inLanguage\":\"es-AR\",\"@id\":\"https:\\\/\\\/www.economicas.uba.ar\\\/doctorado\\\/#\\\/schema\\\/logo\\\/image\\\/\",\"url\":\"https:\\\/\\\/www.economicas.uba.ar\\\/doctorado\\\/wp-content\\\/uploads\\\/logo_2023.png\",\"contentUrl\":\"https:\\\/\\\/www.economicas.uba.ar\\\/doctorado\\\/wp-content\\\/uploads\\\/logo_2023.png\",\"width\":292,\"height\":81,\"caption\":\"Doctorado FCE\"},\"image\":{\"@id\":\"https:\\\/\\\/www.economicas.uba.ar\\\/doctorado\\\/#\\\/schema\\\/logo\\\/image\\\/\"}}]}<\/script>\n<!-- \/ Yoast SEO plugin. -->","yoast_head_json":{"title":"Investigaci\u00f3n","robots":{"index":"index","follow":"follow","max-snippet":"max-snippet:-1","max-image-preview":"max-image-preview:large","max-video-preview":"max-video-preview:-1"},"canonical":"https:\/\/www.economicas.uba.ar\/doctorado\/","og_locale":"es_ES","og_type":"article","og_title":"Investigaci\u00f3n","og_description":"Doctorado y Posdoctorado La Secretar\u00eda de Doctorado y Posdoctorado tiene como funci\u00f3n conducir las Carreras de Doctorado de la Universidad de Buenos Aires. Conducir las Carreras de Posdoctorado de la","og_url":"https:\/\/www.economicas.uba.ar\/doctorado\/","og_site_name":"Investigaci\u00f3n","article_modified_time":"2026-03-31T14:40:36+00:00","og_image":[{"width":1280,"height":720,"url":"https:\/\/www.economicas.uba.ar\/doctorado\/wp-content\/uploads\/OFERTA-2026-CON-LOGO-VERTICAL.jpg","type":"image\/jpeg"}],"twitter_card":"summary_large_image","twitter_misc":{"Tiempo de lectura":"4 minutos"},"schema":{"@context":"https:\/\/schema.org","@graph":[{"@type":"WebPage","@id":"https:\/\/www.economicas.uba.ar\/doctorado\/","url":"https:\/\/www.economicas.uba.ar\/doctorado\/","name":"Investigaci\u00f3n","isPartOf":{"@id":"https:\/\/www.economicas.uba.ar\/doctorado\/#website"},"primaryImageOfPage":{"@id":"https:\/\/www.economicas.uba.ar\/doctorado\/#primaryimage"},"image":{"@id":"https:\/\/www.economicas.uba.ar\/doctorado\/#primaryimage"},"thumbnailUrl":"https:\/\/www.economicas.uba.ar\/doctorado\/wp-content\/uploads\/OFERTA-2026-CON-LOGO-VERTICAL.jpg","datePublished":"2020-08-13T17:24:47+00:00","dateModified":"2026-03-31T14:40:36+00:00","breadcrumb":{"@id":"https:\/\/www.economicas.uba.ar\/doctorado\/#breadcrumb"},"inLanguage":"es-AR","potentialAction":[{"@type":"ReadAction","target":["https:\/\/www.economicas.uba.ar\/doctorado\/"]}]},{"@type":"ImageObject","inLanguage":"es-AR","@id":"https:\/\/www.economicas.uba.ar\/doctorado\/#primaryimage","url":"https:\/\/www.economicas.uba.ar\/doctorado\/wp-content\/uploads\/OFERTA-2026-CON-LOGO-VERTICAL.jpg","contentUrl":"https:\/\/www.economicas.uba.ar\/doctorado\/wp-content\/uploads\/OFERTA-2026-CON-LOGO-VERTICAL.jpg","width":1280,"height":720},{"@type":"BreadcrumbList","@id":"https:\/\/www.economicas.uba.ar\/doctorado\/#breadcrumb","itemListElement":[{"@type":"ListItem","position":1,"name":"Inicio","item":"https:\/\/www.economicas.uba.ar\/doctorado\/"},{"@type":"ListItem","position":2,"name":"principal"}]},{"@type":"WebSite","@id":"https:\/\/www.economicas.uba.ar\/doctorado\/#website","url":"https:\/\/www.economicas.uba.ar\/doctorado\/","name":"Doctorado FCE","description":"","publisher":{"@id":"https:\/\/www.economicas.uba.ar\/doctorado\/#organization"},"potentialAction":[{"@type":"SearchAction","target":{"@type":"EntryPoint","urlTemplate":"https:\/\/www.economicas.uba.ar\/doctorado\/?s={search_term_string}"},"query-input":{"@type":"PropertyValueSpecification","valueRequired":true,"valueName":"search_term_string"}}],"inLanguage":"es-AR"},{"@type":"Organization","@id":"https:\/\/www.economicas.uba.ar\/doctorado\/#organization","name":"Doctorado FCE","url":"https:\/\/www.economicas.uba.ar\/doctorado\/","logo":{"@type":"ImageObject","inLanguage":"es-AR","@id":"https:\/\/www.economicas.uba.ar\/doctorado\/#\/schema\/logo\/image\/","url":"https:\/\/www.economicas.uba.ar\/doctorado\/wp-content\/uploads\/logo_2023.png","contentUrl":"https:\/\/www.economicas.uba.ar\/doctorado\/wp-content\/uploads\/logo_2023.png","width":292,"height":81,"caption":"Doctorado FCE"},"image":{"@id":"https:\/\/www.economicas.uba.ar\/doctorado\/#\/schema\/logo\/image\/"}}]}},"_links":{"self":[{"href":"https:\/\/www.economicas.uba.ar\/doctorado\/wp-json\/wp\/v2\/pages\/41","targetHints":{"allow":["GET"]}}],"collection":[{"href":"https:\/\/www.economicas.uba.ar\/doctorado\/wp-json\/wp\/v2\/pages"}],"about":[{"href":"https:\/\/www.economicas.uba.ar\/doctorado\/wp-json\/wp\/v2\/types\/page"}],"author":[{"embeddable":true,"href":"https:\/\/www.economicas.uba.ar\/doctorado\/wp-json\/wp\/v2\/users\/2"}],"replies":[{"embeddable":true,"href":"https:\/\/www.economicas.uba.ar\/doctorado\/wp-json\/wp\/v2\/comments?post=41"}],"version-history":[{"count":579,"href":"https:\/\/www.economicas.uba.ar\/doctorado\/wp-json\/wp\/v2\/pages\/41\/revisions"}],"predecessor-version":[{"id":2294,"href":"https:\/\/www.economicas.uba.ar\/doctorado\/wp-json\/wp\/v2\/pages\/41\/revisions\/2294"}],"wp:attachment":[{"href":"https:\/\/www.economicas.uba.ar\/doctorado\/wp-json\/wp\/v2\/media?parent=41"}],"curies":[{"name":"wp","href":"https:\/\/api.w.org\/{rel}","templated":true}]}}