{"id":866,"date":"2021-07-28T12:07:58","date_gmt":"2021-07-28T15:07:58","guid":{"rendered":"https:\/\/www.economicas.uba.ar\/extension\/vocesenelfenix\/?page_id=866"},"modified":"2023-06-12T14:59:01","modified_gmt":"2023-06-12T17:59:01","slug":"quienes-somos","status":"publish","type":"page","link":"https:\/\/www.economicas.uba.ar\/extension\/vocesenelfenix\/quienes-somos\/","title":{"rendered":"Qui\u00e9nes somos"},"content":{"rendered":"\t\t<div data-elementor-type=\"wp-page\" data-elementor-id=\"866\" class=\"elementor elementor-866\" data-elementor-post-type=\"page\">\n\t\t\t\t\t\t<section class=\"elementor-section elementor-top-section elementor-element elementor-element-310069d elementor-section-boxed elementor-section-height-default elementor-section-height-default\" data-id=\"310069d\" data-element_type=\"section\" data-e-type=\"section\" data-settings=\"{&quot;background_background&quot;:&quot;classic&quot;}\">\n\t\t\t\t\t\t\t<div class=\"elementor-background-overlay\"><\/div>\n\t\t\t\t\t\t\t<div class=\"elementor-container elementor-column-gap-default\">\n\t\t\t\t\t<div class=\"elementor-column elementor-col-100 elementor-top-column elementor-element elementor-element-22e9eab\" data-id=\"22e9eab\" data-element_type=\"column\" data-e-type=\"column\">\n\t\t\t<div class=\"elementor-widget-wrap elementor-element-populated\">\n\t\t\t\t\t\t<div class=\"elementor-element elementor-element-0df7e23 elementor-widget elementor-widget-text-editor\" data-id=\"0df7e23\" data-element_type=\"widget\" data-e-type=\"widget\" data-widget_type=\"text-editor.default\">\n\t\t\t\t<div class=\"elementor-widget-container\">\n\t\t\t\t\t\t\t\t\t<p>La C\u00e1tedra Abierta Plan F\u00e9nix, proyecto estrat\u00e9gico de la Facultad de Ciencias Econ\u00f3micas, Universidad de Buenos Aires, est\u00e1 conformada por un grupo de acad\u00e9micas, de acad\u00e9micos y de profesionales que trabaja colectivamente en el an\u00e1lisis del pa\u00eds y del mundo con una perspectiva de mediano y largo plazo, con el objeto de contribuir a la construcci\u00f3n de una Argentina con desarrollo inclusivo, tanto econ\u00f3mico como social y ambiental. Desde el a\u00f1o 2010, editamos y publicamos <em>Voces en el F\u00e9nix<\/em> como una herramienta m\u00e1s para alcanzar ese objetivo que nos planteamos.<\/p><p><em>Voces en el F\u00e9nix<\/em> es, por lo tanto, una revista de divulgaci\u00f3n en la que se abordan temas centrales y transversales a la econom\u00eda, la educaci\u00f3n, la salud, el medio ambiente, el sistema financiero, el trabajo, la ciencia y la tecnolog\u00eda, la pobreza, la cultura, la seguridad y la justicia, entre otros. Nuestra revista alberga una multiplicidad de voces de diversas disciplinas. Su mirada heterodoxa, progresista y con compromiso social intenta promover debates y encontrar los consensos necesarios para contribuir a la transformaci\u00f3n de la realidad.<\/p><p>Abraham Leonardo Gak fue su mentor y director a lo largo de los 82 n\u00fameros publicados hasta el d\u00eda de su lamentable fallecimiento en diciembre de 2020.<\/p><p>Hoy iniciamos una nueva etapa de<em> Voces en el F\u00e9nix<\/em> en la que ratificamos los objetivos que nos dieron origen y en la que nos proponemos seguir siendo un canal de expresi\u00f3n para diversas voces acerca de los problemas y las alternativas ante la situaci\u00f3n compleja que atraviesa nuestro pa\u00eds.<\/p><p>Es nuestra intenci\u00f3n seguir construyendo esta herramienta que nos parece un aporte valioso desde la universidad p\u00fablica a la sociedad en su conjunto.<\/p>\t\t\t\t\t\t\t\t<\/div>\n\t\t\t\t<\/div>\n\t\t\t\t\t<\/div>\n\t\t<\/div>\n\t\t\t\t\t<\/div>\n\t\t<\/section>\n\t\t\t\t<\/div>\n\t\t","protected":false},"excerpt":{"rendered":"<p>La C\u00e1tedra Abierta Plan F\u00e9nix, proyecto estrat\u00e9gico de la Facultad de Ciencias Econ\u00f3micas, Universidad de Buenos Aires, est\u00e1 conformada por un grupo de acad\u00e9micas, de acad\u00e9micos y de profesionales que<\/p>\n","protected":false},"author":1,"featured_media":0,"parent":0,"menu_order":0,"comment_status":"closed","ping_status":"closed","template":"","meta":{"footnotes":""},"class_list":["post-866","page","type-page","status-publish","hentry"],"_links":{"self":[{"href":"https:\/\/www.economicas.uba.ar\/extension\/vocesenelfenix\/wp-json\/wp\/v2\/pages\/866","targetHints":{"allow":["GET"]}}],"collection":[{"href":"https:\/\/www.economicas.uba.ar\/extension\/vocesenelfenix\/wp-json\/wp\/v2\/pages"}],"about":[{"href":"https:\/\/www.economicas.uba.ar\/extension\/vocesenelfenix\/wp-json\/wp\/v2\/types\/page"}],"author":[{"embeddable":true,"href":"https:\/\/www.economicas.uba.ar\/extension\/vocesenelfenix\/wp-json\/wp\/v2\/users\/1"}],"replies":[{"embeddable":true,"href":"https:\/\/www.economicas.uba.ar\/extension\/vocesenelfenix\/wp-json\/wp\/v2\/comments?post=866"}],"version-history":[{"count":90,"href":"https:\/\/www.economicas.uba.ar\/extension\/vocesenelfenix\/wp-json\/wp\/v2\/pages\/866\/revisions"}],"predecessor-version":[{"id":21564,"href":"https:\/\/www.economicas.uba.ar\/extension\/vocesenelfenix\/wp-json\/wp\/v2\/pages\/866\/revisions\/21564"}],"wp:attachment":[{"href":"https:\/\/www.economicas.uba.ar\/extension\/vocesenelfenix\/wp-json\/wp\/v2\/media?parent=866"}],"curies":[{"name":"wp","href":"https:\/\/api.w.org\/{rel}","templated":true}]}}

Quiénes somos

<div data-elementor-type="wp-page" data-elementor-id="866" class="elementor elementor-866" data-elementor-post-type="page">
						<section class="elementor-section elementor-top-section elementor-element elementor-element-310069d elementor-section-boxed elementor-section-height-default elementor-section-height-default" data-id="310069d" data-element_type="section" data-e-type="section" data-settings="{&quot;background_background&quot;:&quot;classic&quot;}">
							<div class="elementor-background-overlay"></div>
							<div class="elementor-container elementor-column-gap-default">
					<div class="elementor-column elementor-col-100 elementor-top-column elementor-element elementor-element-22e9eab" data-id="22e9eab" data-element_type="column" data-e-type="column">
			<div class="elementor-widget-wrap elementor-element-populated">
						<div class="elementor-element elementor-element-0df7e23 elementor-widget elementor-widget-text-editor" data-id="0df7e23" data-element_type="widget" data-e-type="widget" data-widget_type="text-editor.default">
				<div class="elementor-widget-container">
									<p>La Cátedra Abierta Plan Fénix, proyecto estratégico de la Facultad de Ciencias Económicas, Universidad de Buenos Aires, está conformada por un grupo de académicas, de académicos y de profesionales que trabaja colectivamente en el análisis del país y del mundo con una perspectiva de mediano y largo plazo, con el objeto de contribuir a la construcción de una Argentina con desarrollo inclusivo, tanto económico como social y ambiental. Desde el año 2010, editamos y publicamos <em>Voces en el Fénix</em> como una herramienta más para alcanzar ese objetivo que nos planteamos.</p><p><em>Voces en el Fénix</em> es, por lo tanto, una revista de divulgación en la que se abordan temas centrales y transversales a la economía, la educación, la salud, el medio ambiente, el sistema financiero, el trabajo, la ciencia y la tecnología, la pobreza, la cultura, la seguridad y la justicia, entre otros. Nuestra revista alberga una multiplicidad de voces de diversas disciplinas. Su mirada heterodoxa, progresista y con compromiso social intenta promover debates y encontrar los consensos necesarios para contribuir a la transformación de la realidad.</p><p>Abraham Leonardo Gak fue su mentor y director a lo largo de los 82 números publicados hasta el día de su lamentable fallecimiento en diciembre de 2020.</p><p>Hoy iniciamos una nueva etapa de<em> Voces en el Fénix</em> en la que ratificamos los objetivos que nos dieron origen y en la que nos proponemos seguir siendo un canal de expresión para diversas voces acerca de los problemas y las alternativas ante la situación compleja que atraviesa nuestro país.</p><p>Es nuestra intención seguir construyendo esta herramienta que nos parece un aporte valioso desde la universidad pública a la sociedad en su conjunto.</p>								</div>
				</div>
					</div>
		</div>
					</div>
		</section>
				</div>

<p>La Cátedra Abierta Plan Fénix, proyecto estratégico de la Facultad de Ciencias Económicas, Universidad de Buenos Aires, está conformada por un grupo de académicas, de académicos y de profesionales que</p>
