{"id":1450,"date":"2022-09-22T12:10:22","date_gmt":"2022-09-22T15:10:22","guid":{"rendered":"https:\/\/www.economicas.uba.ar\/iiep\/macro\/?page_id=1450"},"modified":"2026-03-20T19:47:14","modified_gmt":"2026-03-20T22:47:14","slug":"institucional","status":"publish","type":"page","link":"https:\/\/www.economicas.uba.ar\/iiep\/macro\/institucional\/","title":{"rendered":"Institucional"},"content":{"rendered":"\t\t<div data-elementor-type=\"wp-page\" data-elementor-id=\"1450\" class=\"elementor elementor-1450\" data-elementor-post-type=\"page\">\n\t\t\t\t<div class=\"elementor-element elementor-element-777a62f e-flex e-con-boxed e-con e-parent\" data-id=\"777a62f\" data-element_type=\"container\" data-e-type=\"container\">\n\t\t\t\t\t<div class=\"e-con-inner\">\n\t\t\t\t<div class=\"elementor-element elementor-element-fd145a8 elementor-widget elementor-widget-text-editor\" data-id=\"fd145a8\" data-element_type=\"widget\" data-e-type=\"widget\" data-widget_type=\"text-editor.default\">\n\t\t\t\t<div class=\"elementor-widget-container\">\n\t\t\t\t\t\t\t\t\t<p dir=\"ltr\"><span style=\"color: var( --e-global-color-text ); font-family: var( --e-global-typography-text-font-family ), Sans-serif; font-weight: var( --e-global-typography-text-font-weight ); text-align: var(--text-align);\"><strong>MacroIIEP<\/strong>\u00a0agrupa investigadores del IIEP interesados en temas macroecon\u00f3micos relevantes de corto, mediano y largo plazo.\u00a0<\/span><\/p><p dir=\"ltr\"><span style=\"color: var( --e-global-color-text ); font-family: var( --e-global-typography-text-font-family ), Sans-serif; font-weight: var( --e-global-typography-text-font-weight ); text-align: var(--text-align);\">Sus actividades abarcan cuatro grupos de tem\u00e1ticas. Primero, la elaboraci\u00f3n y publicaci\u00f3n de documentos acad\u00e9micos, notas de coyuntura y art\u00edculos t\u00e9cnicos. Segundo, la difusi\u00f3n de series agregadas, datos organizados e indicadores especializados. Tercero, la organizaci\u00f3n de conferencias acad\u00e9micas, charlas de actualizaci\u00f3n de coyuntura, y talleres abiertos a docentes y estudiantes relacionados con el \u00e1rea. Por \u00faltimo, el \u00e1rea promueve la participaci\u00f3n de sus investigadores y de sus investigaciones en el debate p\u00fablico.<\/span><\/p><p dir=\"ltr\">Las investigaciones tienen por objetivo estudiar y entender la macroeconom\u00eda de los pa\u00edses en desarrollo a trav\u00e9s de un enfoque interdisciplinario. Las tem\u00e1ticas incluyen el an\u00e1lisis de las fluctuaciones econ\u00f3micas, el problema del desarrollo, las din\u00e1micas complejas y la exploraci\u00f3n de pol\u00edticas y estrategias que promuevan el progreso econ\u00f3mico y social.<\/p>\t\t\t\t\t\t\t\t<\/div>\n\t\t\t\t<\/div>\n\t\t\t\t<div class=\"elementor-element elementor-element-da930d9 elementor-widget elementor-widget-button\" data-id=\"da930d9\" data-element_type=\"widget\" data-e-type=\"widget\" data-widget_type=\"button.default\">\n\t\t\t\t<div class=\"elementor-widget-container\">\n\t\t\t\t\t\t\t\t\t<div class=\"elementor-button-wrapper\">\n\t\t\t\t\t<a class=\"elementor-button elementor-button-link elementor-size-sm\" href=\"https:\/\/www.economicas.uba.ar\/iiep\/macro\/historia-de-un-logo\/\" target=\"_blank\">\n\t\t\t\t\t\t<span class=\"elementor-button-content-wrapper\">\n\t\t\t\t\t\t\t\t\t<span class=\"elementor-button-text\">Leer Historia del Logo<\/span>\n\t\t\t\t\t<\/span>\n\t\t\t\t\t<\/a>\n\t\t\t\t<\/div>\n\t\t\t\t\t\t\t\t<\/div>\n\t\t\t\t<\/div>\n\t\t\t\t\t<\/div>\n\t\t\t\t<\/div>\n\t\t<div class=\"elementor-element elementor-element-294fd03 e-flex e-con-boxed e-con e-parent\" data-id=\"294fd03\" data-element_type=\"container\" data-e-type=\"container\">\n\t\t\t\t\t<div class=\"e-con-inner\">\n\t\t\t\t<div class=\"elementor-element elementor-element-962611e elementor-widget elementor-widget-spacer\" data-id=\"962611e\" data-element_type=\"widget\" data-e-type=\"widget\" data-widget_type=\"spacer.default\">\n\t\t\t\t<div class=\"elementor-widget-container\">\n\t\t\t\t\t\t\t<div class=\"elementor-spacer\">\n\t\t\t<div class=\"elementor-spacer-inner\"><\/div>\n\t\t<\/div>\n\t\t\t\t\t\t<\/div>\n\t\t\t\t<\/div>\n\t\t\t\t\t<\/div>\n\t\t\t\t<\/div>\n\t\t\t\t<\/div>\n\t\t","protected":false},"excerpt":{"rendered":"<p>MacroIIEP\u00a0agrupa investigadores del IIEP interesados en temas macroecon\u00f3micos relevantes de corto, mediano y largo plazo.\u00a0 Sus actividades abarcan cuatro grupos de tem\u00e1ticas. Primero, la elaboraci\u00f3n y publicaci\u00f3n de documentos acad\u00e9micos,<\/p>\n","protected":false},"author":8,"featured_media":0,"parent":0,"menu_order":0,"comment_status":"closed","ping_status":"closed","template":"","meta":{"footnotes":""},"class_list":["post-1450","page","type-page","status-publish","hentry"],"_links":{"self":[{"href":"https:\/\/www.economicas.uba.ar\/iiep\/macro\/wp-json\/wp\/v2\/pages\/1450","targetHints":{"allow":["GET"]}}],"collection":[{"href":"https:\/\/www.economicas.uba.ar\/iiep\/macro\/wp-json\/wp\/v2\/pages"}],"about":[{"href":"https:\/\/www.economicas.uba.ar\/iiep\/macro\/wp-json\/wp\/v2\/types\/page"}],"author":[{"embeddable":true,"href":"https:\/\/www.economicas.uba.ar\/iiep\/macro\/wp-json\/wp\/v2\/users\/8"}],"replies":[{"embeddable":true,"href":"https:\/\/www.economicas.uba.ar\/iiep\/macro\/wp-json\/wp\/v2\/comments?post=1450"}],"version-history":[{"count":43,"href":"https:\/\/www.economicas.uba.ar\/iiep\/macro\/wp-json\/wp\/v2\/pages\/1450\/revisions"}],"predecessor-version":[{"id":6422,"href":"https:\/\/www.economicas.uba.ar\/iiep\/macro\/wp-json\/wp\/v2\/pages\/1450\/revisions\/6422"}],"wp:attachment":[{"href":"https:\/\/www.economicas.uba.ar\/iiep\/macro\/wp-json\/wp\/v2\/media?parent=1450"}],"curies":[{"name":"wp","href":"https:\/\/api.w.org\/{rel}","templated":true}]}}

<div data-elementor-type="wp-page" data-elementor-id="1450" class="elementor elementor-1450" data-elementor-post-type="page">
				<div class="elementor-element elementor-element-777a62f e-flex e-con-boxed e-con e-parent" data-id="777a62f" data-element_type="container" data-e-type="container">
					<div class="e-con-inner">
				<div class="elementor-element elementor-element-fd145a8 elementor-widget elementor-widget-text-editor" data-id="fd145a8" data-element_type="widget" data-e-type="widget" data-widget_type="text-editor.default">
				<div class="elementor-widget-container">
									<p dir="ltr"><span style="color: var( --e-global-color-text ); font-family: var( --e-global-typography-text-font-family ), Sans-serif; font-weight: var( --e-global-typography-text-font-weight ); text-align: var(--text-align);"><strong>MacroIIEP</strong> agrupa investigadores del IIEP interesados en temas macroeconómicos relevantes de corto, mediano y largo plazo. </span></p><p dir="ltr"><span style="color: var( --e-global-color-text ); font-family: var( --e-global-typography-text-font-family ), Sans-serif; font-weight: var( --e-global-typography-text-font-weight ); text-align: var(--text-align);">Sus actividades abarcan cuatro grupos de temáticas. Primero, la elaboración y publicación de documentos académicos, notas de coyuntura y artículos técnicos. Segundo, la difusión de series agregadas, datos organizados e indicadores especializados. Tercero, la organización de conferencias académicas, charlas de actualización de coyuntura, y talleres abiertos a docentes y estudiantes relacionados con el área. Por último, el área promueve la participación de sus investigadores y de sus investigaciones en el debate público.</span></p><p dir="ltr">Las investigaciones tienen por objetivo estudiar y entender la macroeconomía de los países en desarrollo a través de un enfoque interdisciplinario. Las temáticas incluyen el análisis de las fluctuaciones económicas, el problema del desarrollo, las dinámicas complejas y la exploración de políticas y estrategias que promuevan el progreso económico y social.</p>								</div>
				</div>
				<div class="elementor-element elementor-element-da930d9 elementor-widget elementor-widget-button" data-id="da930d9" data-element_type="widget" data-e-type="widget" data-widget_type="button.default">
				<div class="elementor-widget-container">
									<div class="elementor-button-wrapper">
					<a class="elementor-button elementor-button-link elementor-size-sm" href="https://www.economicas.uba.ar/iiep/macro/historia-de-un-logo/" target="_blank">
						<span class="elementor-button-content-wrapper">
									<span class="elementor-button-text">Leer Historia del Logo</span>
					</span>
					</a>
				</div>
								</div>
				</div>
					</div>
				</div>
		<div class="elementor-element elementor-element-294fd03 e-flex e-con-boxed e-con e-parent" data-id="294fd03" data-element_type="container" data-e-type="container">
					<div class="e-con-inner">
				<div class="elementor-element elementor-element-962611e elementor-widget elementor-widget-spacer" data-id="962611e" data-element_type="widget" data-e-type="widget" data-widget_type="spacer.default">
				<div class="elementor-widget-container">
							<div class="elementor-spacer">
			<div class="elementor-spacer-inner"></div>
		</div>
						</div>
				</div>
					</div>
				</div>
				</div>

<p>MacroIIEP agrupa investigadores del IIEP interesados en temas macroeconómicos relevantes de corto, mediano y largo plazo.  Sus actividades abarcan cuatro grupos de temáticas. Primero, la elaboración y publicación de documentos académicos,</p>
