{"id":2114,"date":"2023-08-31T10:43:22","date_gmt":"2023-08-31T13:43:22","guid":{"rendered":"https:\/\/www.economicas.uba.ar\/investigacion\/?page_id=2114"},"modified":"2023-08-31T10:47:10","modified_gmt":"2023-08-31T13:47:10","slug":"documentos-de-trabajo","status":"publish","type":"page","link":"https:\/\/www.economicas.uba.ar\/investigacion\/institutos-y-centros\/ceed\/documentos-de-trabajo\/","title":{"rendered":"documentos de trabajo"},"content":{"rendered":"\t\t<div data-elementor-type=\"wp-page\" data-elementor-id=\"2114\" class=\"elementor elementor-2114\" data-elementor-post-type=\"page\">\n\t\t\t\t<div class=\"elementor-element elementor-element-442f3d0d e-con-full e-flex e-con e-parent\" data-id=\"442f3d0d\" data-element_type=\"container\" data-e-type=\"container\" data-settings=\"{&quot;background_background&quot;:&quot;classic&quot;}\">\n\t\t<div class=\"elementor-element elementor-element-56ba770a e-flex e-con-boxed e-con e-parent\" data-id=\"56ba770a\" data-element_type=\"container\" data-e-type=\"container\">\n\t\t\t\t\t<div class=\"e-con-inner\">\n\t\t\t\t\t<\/div>\n\t\t\t\t<\/div>\n\t\t<div class=\"elementor-element elementor-element-315e7aae e-flex e-con-boxed e-con e-parent\" data-id=\"315e7aae\" data-element_type=\"container\" data-e-type=\"container\">\n\t\t\t\t\t<div class=\"e-con-inner\">\n\t\t\t\t<div class=\"elementor-element elementor-element-3431a0ee elementor-widget elementor-widget-heading\" data-id=\"3431a0ee\" data-element_type=\"widget\" data-e-type=\"widget\" data-widget_type=\"heading.default\">\n\t\t\t\t<div class=\"elementor-widget-container\">\n\t\t\t\t\t<h2 class=\"elementor-heading-title elementor-size-default\">CEEED<\/h2>\t\t\t\t<\/div>\n\t\t\t\t<\/div>\n\t\t\t\t\t<\/div>\n\t\t\t\t<\/div>\n\t\t\t\t<\/div>\n\t\t<div class=\"elementor-element elementor-element-785d0a7c e-flex e-con-boxed e-con e-parent\" data-id=\"785d0a7c\" data-element_type=\"container\" data-e-type=\"container\">\n\t\t\t\t\t<div class=\"e-con-inner\">\n\t\t\t\t<div class=\"elementor-element elementor-element-7804597d elementor-widget elementor-widget-eael-adv-accordion\" data-id=\"7804597d\" data-element_type=\"widget\" data-e-type=\"widget\" data-widget_type=\"eael-adv-accordion.default\">\n\t\t\t\t<div class=\"elementor-widget-container\">\n\t\t\t\t\t            <div class=\"eael-adv-accordion\" id=\"eael-adv-accordion-7804597d\" data-scroll-on-click=\"no\" data-scroll-speed=\"300\" data-accordion-id=\"7804597d\" data-accordion-type=\"accordion\" data-toogle-speed=\"300\">\n            <div class=\"eael-accordion-list\">\n\t\t\t\t\t<div id=\"documentos-de-trabajo-ceeed\" class=\"elementor-tab-title eael-accordion-header active-default\" tabindex=\"0\" data-tab=\"1\" aria-controls=\"elementor-tab-content-2011\"><span class=\"eael-accordion-tab-title\">Documentos de trabajo - CEEED<\/span><span class=\"eael-advanced-accordion-icon-closed\"><i aria-hidden=\"true\" class=\"fa-accordion-icon fas fa-chevron-down\"><\/i><\/span><span class=\"eael-advanced-accordion-icon-opened\"><\/span><\/div><div id=\"elementor-tab-content-2011\" class=\"eael-accordion-content clearfix active-default\" data-tab=\"1\" aria-labelledby=\"documentos-de-trabajo-ceeed\"><p><strong>Documentos de Trabajo \u2013 2018<\/strong><\/p><p><em><a href=\"https:\/\/www.economicas.uba.ar\/investigacion\/wp-content\/uploads\/Flores-final-1.pdf\">Timoneles de una\u00a0econom\u00eda inestable.\u00a0Ministros y funcionarios econ\u00f3micos en\u00a0la Argentina\u00a0de 1955 a 1976.<\/a>\u00a0<\/em>Roberto Dante Flores<\/p><p>\u00cdndice<\/p><p>1. Introducci\u00f3n\u00a0<br \/>2. Metodolog\u00eda\u00a0<br \/>3. Ministros, Funcionarios y Agencias Econ\u00f3micas Estatales<br \/>3.1. Ministros\u00a0<br \/>3.2. Funcionarios<br \/>3.3. Agencias Econ\u00f3micas Estatales\u00a0<br \/>4. Consideraciones finales\u00a0<br \/>Anexo 1<br \/>Anexo 2<br \/>Bibliograf\u00eda<\/p><p><a href=\"https:\/\/www.economicas.uba.ar\/investigacion\/wp-content\/uploads\/Fliguer-Final.pdf\"><em>La pol\u00edtica econ\u00f3mica durante la Revoluci\u00f3n Libertadora (1955-1958).\u00a0<\/em><\/a>Federico Fliguer<\/p><p>Introducci\u00f3n<br \/>La discusi\u00f3n interna sobre la herencia del peronismo<br \/>La pol\u00edtica comercial externa y sus consecuencias<br \/>La pol\u00edtica fiscal y monetaria<br \/>Conclusiones<br \/>Bibliograf\u00eda<br \/>Anexo I<\/p><p class=\"rtecenter\"><strong>Cuadernos del CEEED \u2013 2014<\/strong><\/p><p class=\"rtejustify\">\u00a0<em>La Econom\u00eda social y solidaria. Universidad, pol\u00edticas p\u00fablicas y organizaciones frente a los desaf\u00edos del nuevo milenio<\/em><strong>(Compiladoras)<\/strong><strong>\u00a0Ver\u00f3nica Haddad \u2013 Viviana Rom\u00e1n \u2013 Mar\u00eda Teresa di Salvo.\u00a0<\/strong><\/p><p class=\"rtejustify\">\u00a0\u00cdndice<\/p><p class=\"rtejustify\">\u00a0<strong>Introducci\u00f3n<\/strong>. Ver\u00f3nica Haddad, Viviana Rom\u00e1n y Mar\u00eda Teresa di Salvo.<\/p><p class=\"rtejustify\">\u00a0<em>Primera Parte<\/em><\/p><p class=\"rtejustify\">\u00a0<em>Rol del Estado, de las Universidades y de las organizaciones sociales en la promoci\u00f3n y consolidaci\u00f3n de la Econom\u00eda Social y Solidaria<\/em><\/p><p class=\"rtejustify\">\u00a0<strong>La responsabilidad social de la universidad. La experiencia de la Secretar\u00eda de Bienestar de la Facultad de Ciencias Econ\u00f3micas de la Universidad de Buenos Aires.\u00a0<\/strong>Federico Saravia.<\/p><p class=\"rtejustify\"><strong>Construyendo nuevos paradigmas de inclusi\u00f3n: fortalezas y desaf\u00edos en el escenario actual de la econom\u00eda social.\u00a0<\/strong>Guillermo Merediz.<\/p><p class=\"rtejustify\"><strong>Conferencia: La caminata de la Econom\u00eda Social y Solidaria de los \u00faltimos treinta a\u00f1os desde la experiencia concreta.\u00a0<\/strong>Oscar Alberto Mintegu\u00eda.<\/p><p class=\"rtejustify\"><em>Segunda Parte<\/em><\/p><p class=\"rtejustify\"><em>Diversas manifestaciones de la econom\u00eda social y solidaria y sus redes de organizaciones<\/em><\/p><p class=\"rtejustify\"><strong>Conferencia: Federaci\u00f3n Argentina de Cooperativas de Trabajadores Autogestionados.\u00a0<\/strong>Mar\u00eda Josefina Parodi.<\/p><p class=\"rtejustify\"><strong>Finanzas solidarias y democratizaci\u00f3n del dinero.\u00a0<\/strong>Annabella Zamora.<\/p><p class=\"rtejustify\"><em>Tercera parte<\/em><\/p><p class=\"rtejustify\"><em>Experiencias Internacionales<\/em><\/p><p class=\"rtejustify\"><strong>La Econom\u00eda Social y Solidaria en Ecuador. El rol del Estado y los Movimientos Sociales. Logros y Perspectivas.<\/strong>\u00a0Eric Ochoa Tocachi.<\/p><p class=\"rtejustify\"><strong>Laberintos de la otredad. Una re-lectura de la econom\u00eda comunal y la participaci\u00f3n pol\u00edtica desde la perspectiva de \u201cotra econom\u00eda\u201d en el caso de mujeres rurales en Ayacucho \u2013 Per\u00fa.\u00a0<\/strong>Katherine Montes Ram\u00edrez.<\/p><p class=\"rtejustify\"><strong>Respuestas de la Econom\u00eda Social y Solidaria para los m\u00e1s desfavorecidos en una din\u00e1mica de crisis.\u00a0<\/strong>Mar\u00eda Esther Aretxabala.<\/p><\/div>\n\t\t\t\t\t<\/div><div class=\"eael-accordion-list\">\n\t\t\t\t\t<div id=\"contacto\" class=\"elementor-tab-title eael-accordion-header\" tabindex=\"0\" data-tab=\"2\" aria-controls=\"elementor-tab-content-2012\"><span class=\"eael-accordion-tab-title\">Contacto<\/span><span class=\"eael-advanced-accordion-icon-closed\"><i aria-hidden=\"true\" class=\"fa-accordion-icon fas fa-chevron-down\"><\/i><\/span><span class=\"eael-advanced-accordion-icon-opened\"><\/span><\/div><div id=\"elementor-tab-content-2012\" class=\"eael-accordion-content clearfix\" data-tab=\"2\" aria-labelledby=\"contacto\"><h6><strong>CENTRO DE ESTUDIOS ECON\u00d3MICOS DE LA EMPRESA Y EL DESARROLLO \u2013 (CEEED)<\/strong><\/h6><p>Av. C\u00f3rdoba 2122, 2\u00ba piso, Ciudad Aut\u00f3noma de Buenos Aires, Rep\u00fablica Argentina<\/p><p>Tlf: +54 11 4374 4448 (Interno: 6474)<\/p><p>Correo electr\u00f3nico:\u00a0<a href=\"mailto:ceeed@econ.uba.ar\">ceeed@econ.uba.ar<\/a>\u00a0y\u00a0<a href=\"mailto:ceeed@fce.uba.ar\">ceeed@fce.uba.ar<\/a><\/p><\/div>\n\t\t\t\t\t<\/div><\/div>\t\t\t\t<\/div>\n\t\t\t\t<\/div>\n\t\t\t\t\t<\/div>\n\t\t\t\t<\/div>\n\t\t<div class=\"elementor-element elementor-element-49abd3d9 e-flex e-con-boxed e-con e-parent\" data-id=\"49abd3d9\" data-element_type=\"container\" data-e-type=\"container\">\n\t\t\t\t\t<div class=\"e-con-inner\">\n\t\t\t\t<div class=\"elementor-element elementor-element-4db01974 elementor-widget elementor-widget-spacer\" data-id=\"4db01974\" data-element_type=\"widget\" data-e-type=\"widget\" data-widget_type=\"spacer.default\">\n\t\t\t\t<div class=\"elementor-widget-container\">\n\t\t\t\t\t\t\t<div class=\"elementor-spacer\">\n\t\t\t<div class=\"elementor-spacer-inner\"><\/div>\n\t\t<\/div>\n\t\t\t\t\t\t<\/div>\n\t\t\t\t<\/div>\n\t\t\t\t\t<\/div>\n\t\t\t\t<\/div>\n\t\t\t\t<\/div>\n\t\t","protected":false},"excerpt":{"rendered":"<p>CEEED Documentos de trabajo &#8211; CEEED Documentos de Trabajo \u2013 2018 Timoneles de una\u00a0econom\u00eda inestable.\u00a0Ministros y funcionarios econ\u00f3micos en\u00a0la Argentina\u00a0de 1955 a 1976.\u00a0Roberto Dante Flores \u00cdndice 1. Introducci\u00f3n\u00a02. Metodolog\u00eda\u00a03. Ministros,<\/p>\n","protected":false},"author":8,"featured_media":0,"parent":1411,"menu_order":0,"comment_status":"closed","ping_status":"closed","template":"elementor_header_footer","meta":{"footnotes":""},"class_list":["post-2114","page","type-page","status-publish","hentry"],"yoast_head":"<!-- This site is optimized with the Yoast SEO plugin v27.3 - https:\/\/yoast.com\/product\/yoast-seo-wordpress\/ -->\n<title>documentos de trabajo - Investigaci\u00f3n<\/title>\n<meta name=\"robots\" content=\"index, follow, max-snippet:-1, max-image-preview:large, max-video-preview:-1\" \/>\n<link rel=\"canonical\" href=\"https:\/\/www.economicas.uba.ar\/investigacion\/institutos-y-centros\/ceed\/documentos-de-trabajo\/\" \/>\n<meta property=\"og:locale\" content=\"es_ES\" \/>\n<meta property=\"og:type\" content=\"article\" \/>\n<meta property=\"og:title\" content=\"documentos de trabajo - Investigaci\u00f3n\" \/>\n<meta property=\"og:description\" content=\"CEEED Documentos de trabajo &#8211; CEEED Documentos de Trabajo \u2013 2018 Timoneles de una\u00a0econom\u00eda inestable.\u00a0Ministros y funcionarios econ\u00f3micos en\u00a0la Argentina\u00a0de 1955 a 1976.\u00a0Roberto Dante Flores \u00cdndice 1. Introducci\u00f3n\u00a02. Metodolog\u00eda\u00a03. Ministros,\" \/>\n<meta property=\"og:url\" content=\"https:\/\/www.economicas.uba.ar\/investigacion\/institutos-y-centros\/ceed\/documentos-de-trabajo\/\" \/>\n<meta property=\"og:site_name\" content=\"Investigaci\u00f3n\" \/>\n<meta property=\"article:modified_time\" content=\"2023-08-31T13:47:10+00:00\" \/>\n<meta name=\"twitter:card\" content=\"summary_large_image\" \/>\n<meta name=\"twitter:label1\" content=\"Tiempo de lectura\" \/>\n\t<meta name=\"twitter:data1\" content=\"2 minutos\" \/>\n<script type=\"application\/ld+json\" class=\"yoast-schema-graph\">{\"@context\":\"https:\\\/\\\/schema.org\",\"@graph\":[{\"@type\":\"WebPage\",\"@id\":\"https:\\\/\\\/www.economicas.uba.ar\\\/investigacion\\\/institutos-y-centros\\\/ceed\\\/documentos-de-trabajo\\\/\",\"url\":\"https:\\\/\\\/www.economicas.uba.ar\\\/investigacion\\\/institutos-y-centros\\\/ceed\\\/documentos-de-trabajo\\\/\",\"name\":\"documentos de trabajo - Investigaci\u00f3n\",\"isPartOf\":{\"@id\":\"https:\\\/\\\/www.economicas.uba.ar\\\/investigacion\\\/#website\"},\"datePublished\":\"2023-08-31T13:43:22+00:00\",\"dateModified\":\"2023-08-31T13:47:10+00:00\",\"breadcrumb\":{\"@id\":\"https:\\\/\\\/www.economicas.uba.ar\\\/investigacion\\\/institutos-y-centros\\\/ceed\\\/documentos-de-trabajo\\\/#breadcrumb\"},\"inLanguage\":\"es-AR\",\"potentialAction\":[{\"@type\":\"ReadAction\",\"target\":[\"https:\\\/\\\/www.economicas.uba.ar\\\/investigacion\\\/institutos-y-centros\\\/ceed\\\/documentos-de-trabajo\\\/\"]}]},{\"@type\":\"BreadcrumbList\",\"@id\":\"https:\\\/\\\/www.economicas.uba.ar\\\/investigacion\\\/institutos-y-centros\\\/ceed\\\/documentos-de-trabajo\\\/#breadcrumb\",\"itemListElement\":[{\"@type\":\"ListItem\",\"position\":1,\"name\":\"Inicio\",\"item\":\"https:\\\/\\\/www.economicas.uba.ar\\\/investigacion\\\/\"},{\"@type\":\"ListItem\",\"position\":2,\"name\":\"Institutos y centros\",\"item\":\"https:\\\/\\\/www.economicas.uba.ar\\\/investigacion\\\/institutos-y-centros\\\/\"},{\"@type\":\"ListItem\",\"position\":3,\"name\":\"CEEED\",\"item\":\"https:\\\/\\\/www.economicas.uba.ar\\\/investigacion\\\/institutos-y-centros\\\/ceed\\\/\"},{\"@type\":\"ListItem\",\"position\":4,\"name\":\"documentos de trabajo\"}]},{\"@type\":\"WebSite\",\"@id\":\"https:\\\/\\\/www.economicas.uba.ar\\\/investigacion\\\/#website\",\"url\":\"https:\\\/\\\/www.economicas.uba.ar\\\/investigacion\\\/\",\"name\":\"Investigaci\u00f3n FCE\",\"description\":\"\",\"publisher\":{\"@id\":\"https:\\\/\\\/www.economicas.uba.ar\\\/investigacion\\\/#organization\"},\"potentialAction\":[{\"@type\":\"SearchAction\",\"target\":{\"@type\":\"EntryPoint\",\"urlTemplate\":\"https:\\\/\\\/www.economicas.uba.ar\\\/investigacion\\\/?s={search_term_string}\"},\"query-input\":{\"@type\":\"PropertyValueSpecification\",\"valueRequired\":true,\"valueName\":\"search_term_string\"}}],\"inLanguage\":\"es-AR\"},{\"@type\":\"Organization\",\"@id\":\"https:\\\/\\\/www.economicas.uba.ar\\\/investigacion\\\/#organization\",\"name\":\"Investigaci\u00f3n FCE\",\"url\":\"https:\\\/\\\/www.economicas.uba.ar\\\/investigacion\\\/\",\"logo\":{\"@type\":\"ImageObject\",\"inLanguage\":\"es-AR\",\"@id\":\"https:\\\/\\\/www.economicas.uba.ar\\\/investigacion\\\/#\\\/schema\\\/logo\\\/image\\\/\",\"url\":\"https:\\\/\\\/www.economicas.uba.ar\\\/investigacion\\\/wp-content\\\/uploads\\\/logo_2023.png\",\"contentUrl\":\"https:\\\/\\\/www.economicas.uba.ar\\\/investigacion\\\/wp-content\\\/uploads\\\/logo_2023.png\",\"width\":292,\"height\":81,\"caption\":\"Investigaci\u00f3n FCE\"},\"image\":{\"@id\":\"https:\\\/\\\/www.economicas.uba.ar\\\/investigacion\\\/#\\\/schema\\\/logo\\\/image\\\/\"}}]}<\/script>\n<!-- \/ Yoast SEO plugin. -->","yoast_head_json":{"title":"documentos de trabajo - Investigaci\u00f3n","robots":{"index":"index","follow":"follow","max-snippet":"max-snippet:-1","max-image-preview":"max-image-preview:large","max-video-preview":"max-video-preview:-1"},"canonical":"https:\/\/www.economicas.uba.ar\/investigacion\/institutos-y-centros\/ceed\/documentos-de-trabajo\/","og_locale":"es_ES","og_type":"article","og_title":"documentos de trabajo - Investigaci\u00f3n","og_description":"CEEED Documentos de trabajo &#8211; CEEED Documentos de Trabajo \u2013 2018 Timoneles de una\u00a0econom\u00eda inestable.\u00a0Ministros y funcionarios econ\u00f3micos en\u00a0la Argentina\u00a0de 1955 a 1976.\u00a0Roberto Dante Flores \u00cdndice 1. Introducci\u00f3n\u00a02. Metodolog\u00eda\u00a03. Ministros,","og_url":"https:\/\/www.economicas.uba.ar\/investigacion\/institutos-y-centros\/ceed\/documentos-de-trabajo\/","og_site_name":"Investigaci\u00f3n","article_modified_time":"2023-08-31T13:47:10+00:00","twitter_card":"summary_large_image","twitter_misc":{"Tiempo de lectura":"2 minutos"},"schema":{"@context":"https:\/\/schema.org","@graph":[{"@type":"WebPage","@id":"https:\/\/www.economicas.uba.ar\/investigacion\/institutos-y-centros\/ceed\/documentos-de-trabajo\/","url":"https:\/\/www.economicas.uba.ar\/investigacion\/institutos-y-centros\/ceed\/documentos-de-trabajo\/","name":"documentos de trabajo - Investigaci\u00f3n","isPartOf":{"@id":"https:\/\/www.economicas.uba.ar\/investigacion\/#website"},"datePublished":"2023-08-31T13:43:22+00:00","dateModified":"2023-08-31T13:47:10+00:00","breadcrumb":{"@id":"https:\/\/www.economicas.uba.ar\/investigacion\/institutos-y-centros\/ceed\/documentos-de-trabajo\/#breadcrumb"},"inLanguage":"es-AR","potentialAction":[{"@type":"ReadAction","target":["https:\/\/www.economicas.uba.ar\/investigacion\/institutos-y-centros\/ceed\/documentos-de-trabajo\/"]}]},{"@type":"BreadcrumbList","@id":"https:\/\/www.economicas.uba.ar\/investigacion\/institutos-y-centros\/ceed\/documentos-de-trabajo\/#breadcrumb","itemListElement":[{"@type":"ListItem","position":1,"name":"Inicio","item":"https:\/\/www.economicas.uba.ar\/investigacion\/"},{"@type":"ListItem","position":2,"name":"Institutos y centros","item":"https:\/\/www.economicas.uba.ar\/investigacion\/institutos-y-centros\/"},{"@type":"ListItem","position":3,"name":"CEEED","item":"https:\/\/www.economicas.uba.ar\/investigacion\/institutos-y-centros\/ceed\/"},{"@type":"ListItem","position":4,"name":"documentos de trabajo"}]},{"@type":"WebSite","@id":"https:\/\/www.economicas.uba.ar\/investigacion\/#website","url":"https:\/\/www.economicas.uba.ar\/investigacion\/","name":"Investigaci\u00f3n FCE","description":"","publisher":{"@id":"https:\/\/www.economicas.uba.ar\/investigacion\/#organization"},"potentialAction":[{"@type":"SearchAction","target":{"@type":"EntryPoint","urlTemplate":"https:\/\/www.economicas.uba.ar\/investigacion\/?s={search_term_string}"},"query-input":{"@type":"PropertyValueSpecification","valueRequired":true,"valueName":"search_term_string"}}],"inLanguage":"es-AR"},{"@type":"Organization","@id":"https:\/\/www.economicas.uba.ar\/investigacion\/#organization","name":"Investigaci\u00f3n FCE","url":"https:\/\/www.economicas.uba.ar\/investigacion\/","logo":{"@type":"ImageObject","inLanguage":"es-AR","@id":"https:\/\/www.economicas.uba.ar\/investigacion\/#\/schema\/logo\/image\/","url":"https:\/\/www.economicas.uba.ar\/investigacion\/wp-content\/uploads\/logo_2023.png","contentUrl":"https:\/\/www.economicas.uba.ar\/investigacion\/wp-content\/uploads\/logo_2023.png","width":292,"height":81,"caption":"Investigaci\u00f3n FCE"},"image":{"@id":"https:\/\/www.economicas.uba.ar\/investigacion\/#\/schema\/logo\/image\/"}}]}},"_links":{"self":[{"href":"https:\/\/www.economicas.uba.ar\/investigacion\/wp-json\/wp\/v2\/pages\/2114","targetHints":{"allow":["GET"]}}],"collection":[{"href":"https:\/\/www.economicas.uba.ar\/investigacion\/wp-json\/wp\/v2\/pages"}],"about":[{"href":"https:\/\/www.economicas.uba.ar\/investigacion\/wp-json\/wp\/v2\/types\/page"}],"author":[{"embeddable":true,"href":"https:\/\/www.economicas.uba.ar\/investigacion\/wp-json\/wp\/v2\/users\/8"}],"replies":[{"embeddable":true,"href":"https:\/\/www.economicas.uba.ar\/investigacion\/wp-json\/wp\/v2\/comments?post=2114"}],"version-history":[{"count":4,"href":"https:\/\/www.economicas.uba.ar\/investigacion\/wp-json\/wp\/v2\/pages\/2114\/revisions"}],"predecessor-version":[{"id":2121,"href":"https:\/\/www.economicas.uba.ar\/investigacion\/wp-json\/wp\/v2\/pages\/2114\/revisions\/2121"}],"up":[{"embeddable":true,"href":"https:\/\/www.economicas.uba.ar\/investigacion\/wp-json\/wp\/v2\/pages\/1411"}],"wp:attachment":[{"href":"https:\/\/www.economicas.uba.ar\/investigacion\/wp-json\/wp\/v2\/media?parent=2114"}],"curies":[{"name":"wp","href":"https:\/\/api.w.org\/{rel}","templated":true}]}}