{"id":2272,"date":"2023-09-05T11:21:09","date_gmt":"2023-09-05T14:21:09","guid":{"rendered":"https:\/\/www.economicas.uba.ar\/investigacion\/?page_id=2272"},"modified":"2023-09-05T11:25:30","modified_gmt":"2023-09-05T14:25:30","slug":"ediciones","status":"publish","type":"page","link":"https:\/\/www.economicas.uba.ar\/investigacion\/institutos-y-centros\/cimbage\/cuadernos-cimbage\/ediciones\/","title":{"rendered":"ediciones"},"content":{"rendered":"\t\t<div data-elementor-type=\"wp-page\" data-elementor-id=\"2272\" class=\"elementor elementor-2272\" data-elementor-post-type=\"page\">\n\t\t\t\t<div class=\"elementor-element elementor-element-442f3d0d e-con-full e-flex e-con e-parent\" data-id=\"442f3d0d\" data-element_type=\"container\" data-e-type=\"container\" data-settings=\"{&quot;background_background&quot;:&quot;classic&quot;}\">\n\t\t<div class=\"elementor-element elementor-element-56ba770a e-flex e-con-boxed e-con e-parent\" data-id=\"56ba770a\" data-element_type=\"container\" data-e-type=\"container\">\n\t\t\t\t\t<div class=\"e-con-inner\">\n\t\t\t\t\t<\/div>\n\t\t\t\t<\/div>\n\t\t<div class=\"elementor-element elementor-element-315e7aae e-flex e-con-boxed e-con e-parent\" data-id=\"315e7aae\" data-element_type=\"container\" data-e-type=\"container\">\n\t\t\t\t\t<div class=\"e-con-inner\">\n\t\t\t\t<div class=\"elementor-element elementor-element-3431a0ee elementor-widget elementor-widget-heading\" data-id=\"3431a0ee\" data-element_type=\"widget\" data-e-type=\"widget\" data-widget_type=\"heading.default\">\n\t\t\t\t<div class=\"elementor-widget-container\">\n\t\t\t\t\t<h2 class=\"elementor-heading-title elementor-size-default\">CIMBAGE<\/h2>\t\t\t\t<\/div>\n\t\t\t\t<\/div>\n\t\t\t\t\t<\/div>\n\t\t\t\t<\/div>\n\t\t\t\t<\/div>\n\t\t<div class=\"elementor-element elementor-element-785d0a7c e-flex e-con-boxed e-con e-parent\" data-id=\"785d0a7c\" data-element_type=\"container\" data-e-type=\"container\">\n\t\t\t\t\t<div class=\"e-con-inner\">\n\t\t\t\t<div class=\"elementor-element elementor-element-7804597d elementor-widget elementor-widget-eael-adv-accordion\" data-id=\"7804597d\" data-element_type=\"widget\" data-e-type=\"widget\" data-widget_type=\"eael-adv-accordion.default\">\n\t\t\t\t<div class=\"elementor-widget-container\">\n\t\t\t\t\t            <div class=\"eael-adv-accordion\" id=\"eael-adv-accordion-7804597d\" data-scroll-on-click=\"no\" data-scroll-speed=\"300\" data-accordion-id=\"7804597d\" data-accordion-type=\"accordion\" data-toogle-speed=\"300\">\n            <div class=\"eael-accordion-list\">\n\t\t\t\t\t<div id=\"ediciones-cuadernos-del-cimbage\" class=\"elementor-tab-title eael-accordion-header active-default\" tabindex=\"0\" data-tab=\"1\" aria-controls=\"elementor-tab-content-2011\"><span class=\"eael-accordion-tab-title\">Ediciones - Cuadernos del CIMBAGE<\/span><span class=\"eael-advanced-accordion-icon-closed\"><i aria-hidden=\"true\" class=\"fa-accordion-icon fas fa-chevron-down\"><\/i><\/span><span class=\"eael-advanced-accordion-icon-opened\"><\/span><\/div><div id=\"elementor-tab-content-2011\" class=\"eael-accordion-content clearfix active-default\" data-tab=\"1\" aria-labelledby=\"ediciones-cuadernos-del-cimbage\"><div class=\"rtecenter\"><div class=\"rtecenter\"><h5 style=\"text-align: right\">\u00a0<a href=\"https:\/\/www.economicas.uba.ar\/investigacion\/institutos-y-centros\/cimbage\/cuadernos-cimbage\/\">HOME DE LA REVISTA<\/a><\/h5><ul><li class=\"col-xs-12\"><a href=\"http:\/\/bibliotecadigital.econ.uba.ar\/econ\/collection\/cuadcimbage\/browse\/CL2\/1\">N\u00famero 01<\/a><\/li><li class=\"col-xs-12\"><a href=\"http:\/\/bibliotecadigital.econ.uba.ar\/econ\/collection\/cuadcimbage\/browse\/CL2\/2\">N\u00famero 02<\/a><\/li><li class=\"col-xs-12\"><a href=\"http:\/\/bibliotecadigital.econ.uba.ar\/econ\/collection\/cuadcimbage\/browse\/CL2\/3\">N\u00famero 03<\/a><\/li><li class=\"col-xs-12\"><a href=\"http:\/\/bibliotecadigital.econ.uba.ar\/econ\/collection\/cuadcimbage\/browse\/CL2\/4\">N\u00famero 04<\/a><\/li><li class=\"col-xs-12\"><a href=\"http:\/\/bibliotecadigital.econ.uba.ar\/econ\/collection\/cuadcimbage\/browse\/CL2\/5\">N\u00famero 05<\/a><\/li><li class=\"col-xs-12\"><a href=\"http:\/\/bibliotecadigital.econ.uba.ar\/econ\/collection\/cuadcimbage\/browse\/CL2\/6\">N\u00famero 06<\/a><\/li><li class=\"col-xs-12\"><a href=\"http:\/\/bibliotecadigital.econ.uba.ar\/econ\/collection\/cuadcimbage\/browse\/CL2\/7\">N\u00famero 07<\/a><\/li><li class=\"col-xs-12\"><a href=\"http:\/\/bibliotecadigital.econ.uba.ar\/econ\/collection\/cuadcimbage\/browse\/CL2\/8\">N\u00famero 08<\/a><\/li><li class=\"col-xs-12\"><a href=\"http:\/\/bibliotecadigital.econ.uba.ar\/econ\/collection\/cuadcimbage\/browse\/CL2\/9\">N\u00famero 09<\/a><\/li><li class=\"col-xs-12\"><a href=\"http:\/\/bibliotecadigital.econ.uba.ar\/econ\/collection\/cuadcimbage\/browse\/CL2\/10\">N\u00famero 10<\/a><\/li><li class=\"col-xs-12\"><a href=\"http:\/\/bibliotecadigital.econ.uba.ar\/econ\/collection\/cuadcimbage\/browse\/CL2\/11\">N\u00famero 11<\/a><\/li><li class=\"col-xs-12\"><a href=\"http:\/\/bibliotecadigital.econ.uba.ar\/econ\/collection\/cuadcimbage\/browse\/CL2\/12\">N\u00famero 12<\/a><\/li><li class=\"col-xs-12\"><a href=\"http:\/\/bibliotecadigital.econ.uba.ar\/econ\/collection\/cuadcimbage\/browse\/CL2\/13\">N\u00famero 13<\/a><\/li><li class=\"col-xs-12\"><a href=\"http:\/\/bibliotecadigital.econ.uba.ar\/econ\/collection\/cuadcimbage\/browse\/CL2\/14\">N\u00famero 14<\/a><\/li><li class=\"col-xs-12\"><a href=\"http:\/\/bibliotecadigital.econ.uba.ar\/econ\/collection\/cuadcimbage\/browse\/CL2\/15\">N\u00famero 15<\/a><\/li><li class=\"col-xs-12\"><a href=\"http:\/\/bibliotecadigital.econ.uba.ar\/econ\/collection\/cuadcimbage\/browse\/CL2\/16\">N\u00famero 16<\/a><\/li><li class=\"col-xs-12\"><a href=\"http:\/\/bibliotecadigital.econ.uba.ar\/econ\/collection\/cuadcimbage\/browse\/CL2\/17\">N\u00famero 17<\/a><\/li><li class=\"col-xs-12\"><a href=\"http:\/\/bibliotecadigital.econ.uba.ar\/econ\/collection\/cuadcimbage\/browse\/CL2\/18\">N\u00famero 18<\/a><\/li><li class=\"col-xs-12\"><a href=\"http:\/\/bibliotecadigital.econ.uba.ar\/econ\/collection\/cuadcimbage\/browse\/CL2\/19\">N\u00famero 19\u00a0 1\u00aa edici\u00f3n<\/a><\/li><li class=\"col-xs-12\"><a href=\"http:\/\/bibliotecadigital.econ.uba.ar\/econ\/collection\/cuadcimbage\/browse\/CL2\/20\">N\u00famero 19 \u00a0Edici\u00f3n Especial<\/a><\/li><li><a href=\"http:\/\/bibliotecadigital.econ.uba.ar\/econ\/collection\/cuadcimbage\/browse\/CL2\/21\">N\u00famero 20 1\u00aa edici\u00f3n<\/a><\/li><li><a href=\"http:\/\/bibliotecadigital.econ.uba.ar\/econ\/collection\/cuadcimbage\/browse\/CL2\/22\">N\u00famero\u00a020 2\u00aa edici\u00f3n<\/a><\/li><li><a href=\"https:\/\/ojs.econ.uba.ar\/index.php\/CIMBAGE\/issue\/view\/197\">N\u00famero\u00a021 1\u00aa edici\u00f3n<\/a><\/li><li>N\u00famero\u00a0<a href=\"https:\/\/ojs.econ.uba.ar\/index.php\/CIMBAGE\/issue\/view\/227\">21 2\u00aa\u00a0\u00a0edici\u00f3n<\/a><\/li><li>N\u00famero\u00a0<a href=\"https:\/\/ojs.econ.uba.ar\/index.php\/CIMBAGE\/issue\/archive\">22 1\u00aa edici\u00f3n<\/a><\/li><li>N\u00famero\u00a0<a href=\"https:\/\/ojs.econ.uba.ar\/index.php\/CIMBAGE\/issue\/view\/265\">22 2\u00aa edici\u00f3n\u00a0<\/a><\/li><li>N\u00famero\u00a0<a href=\"https:\/\/ojs.econ.uba.ar\/index.php\/CIMBAGE\/issue\/view\/279\">23 1\u00aa edici\u00f3n\u00a0<\/a><\/li><\/ul><h5 style=\"text-align: right\"><a href=\"https:\/\/www.economicas.uba.ar\/investigacion\/institutos-y-centros\/cimbage\/cuadernos-cimbage\/\">HOME DE LA REVISTA<\/a><\/h5><\/div><\/div><\/div>\n\t\t\t\t\t<\/div><div class=\"eael-accordion-list\">\n\t\t\t\t\t<div id=\"contacto\" class=\"elementor-tab-title eael-accordion-header\" tabindex=\"0\" data-tab=\"2\" aria-controls=\"elementor-tab-content-2012\"><span class=\"eael-accordion-tab-title\">Contacto<\/span><span class=\"eael-advanced-accordion-icon-closed\"><i aria-hidden=\"true\" class=\"fa-accordion-icon fas fa-chevron-down\"><\/i><\/span><span class=\"eael-advanced-accordion-icon-opened\"><\/span><\/div><div id=\"elementor-tab-content-2012\" class=\"eael-accordion-content clearfix\" data-tab=\"2\" aria-labelledby=\"contacto\"><div class=\"rtecenter\"><div class=\"rtecenter\"><h6><a href=\"https:\/\/www.economicas.uba.ar\/investigacion\/institutos-y-centros\/cimbage\">CENTRO DE INVESTIGACIONES EN METODOLOG\u00cdA BORROSA APLICADAS A LA GESTI\u00d3N Y A LA ECONOM\u00cdA<\/a>\u00a0(CIMBAGE)<\/h6><p class=\"rtecenter\">Av. C\u00f3rdoba 2122, Segundo piso, CABA, Argentina<br \/>Tel\u00e9fono: +54 11 5285 6627<br \/>Correo electr\u00f3nico:\u00a0<a href=\"mailto:ccimbage@econ.uba.ar\">ccimbage@econ.uba.ar<\/a><\/p><\/div><\/div><\/div>\n\t\t\t\t\t<\/div><\/div>\t\t\t\t<\/div>\n\t\t\t\t<\/div>\n\t\t\t\t\t<\/div>\n\t\t\t\t<\/div>\n\t\t<div class=\"elementor-element elementor-element-49abd3d9 e-flex e-con-boxed e-con e-parent\" data-id=\"49abd3d9\" data-element_type=\"container\" data-e-type=\"container\">\n\t\t\t\t\t<div class=\"e-con-inner\">\n\t\t\t\t<div class=\"elementor-element elementor-element-4db01974 elementor-widget elementor-widget-spacer\" data-id=\"4db01974\" data-element_type=\"widget\" data-e-type=\"widget\" data-widget_type=\"spacer.default\">\n\t\t\t\t<div class=\"elementor-widget-container\">\n\t\t\t\t\t\t\t<div class=\"elementor-spacer\">\n\t\t\t<div class=\"elementor-spacer-inner\"><\/div>\n\t\t<\/div>\n\t\t\t\t\t\t<\/div>\n\t\t\t\t<\/div>\n\t\t\t\t\t<\/div>\n\t\t\t\t<\/div>\n\t\t\t\t<\/div>\n\t\t","protected":false},"excerpt":{"rendered":"<p>CIMBAGE Ediciones &#8211; Cuadernos del CIMBAGE \u00a0HOME DE LA REVISTA N\u00famero 01 N\u00famero 02 N\u00famero 03 N\u00famero 04 N\u00famero 05 N\u00famero 06 N\u00famero 07 N\u00famero 08 N\u00famero 09 N\u00famero 10<\/p>\n","protected":false},"author":8,"featured_media":0,"parent":2255,"menu_order":0,"comment_status":"closed","ping_status":"closed","template":"elementor_header_footer","meta":{"footnotes":""},"class_list":["post-2272","page","type-page","status-publish","hentry"],"yoast_head":"<!-- This site is optimized with the Yoast SEO plugin v27.3 - https:\/\/yoast.com\/product\/yoast-seo-wordpress\/ -->\n<title>ediciones - Investigaci\u00f3n<\/title>\n<meta name=\"robots\" content=\"index, follow, max-snippet:-1, max-image-preview:large, max-video-preview:-1\" \/>\n<link rel=\"canonical\" href=\"https:\/\/www.economicas.uba.ar\/investigacion\/institutos-y-centros\/cimbage\/cuadernos-cimbage\/ediciones\/\" \/>\n<meta property=\"og:locale\" content=\"es_ES\" \/>\n<meta property=\"og:type\" content=\"article\" \/>\n<meta property=\"og:title\" content=\"ediciones - Investigaci\u00f3n\" \/>\n<meta property=\"og:description\" content=\"CIMBAGE Ediciones &#8211; Cuadernos del CIMBAGE \u00a0HOME DE LA REVISTA N\u00famero 01 N\u00famero 02 N\u00famero 03 N\u00famero 04 N\u00famero 05 N\u00famero 06 N\u00famero 07 N\u00famero 08 N\u00famero 09 N\u00famero 10\" \/>\n<meta property=\"og:url\" content=\"https:\/\/www.economicas.uba.ar\/investigacion\/institutos-y-centros\/cimbage\/cuadernos-cimbage\/ediciones\/\" \/>\n<meta property=\"og:site_name\" content=\"Investigaci\u00f3n\" \/>\n<meta property=\"article:modified_time\" content=\"2023-09-05T14:25:30+00:00\" \/>\n<meta name=\"twitter:card\" content=\"summary_large_image\" \/>\n<meta name=\"twitter:label1\" content=\"Tiempo de lectura\" \/>\n\t<meta name=\"twitter:data1\" content=\"1 minuto\" \/>\n<script type=\"application\/ld+json\" class=\"yoast-schema-graph\">{\"@context\":\"https:\\\/\\\/schema.org\",\"@graph\":[{\"@type\":\"WebPage\",\"@id\":\"https:\\\/\\\/www.economicas.uba.ar\\\/investigacion\\\/institutos-y-centros\\\/cimbage\\\/cuadernos-cimbage\\\/ediciones\\\/\",\"url\":\"https:\\\/\\\/www.economicas.uba.ar\\\/investigacion\\\/institutos-y-centros\\\/cimbage\\\/cuadernos-cimbage\\\/ediciones\\\/\",\"name\":\"ediciones - Investigaci\u00f3n\",\"isPartOf\":{\"@id\":\"https:\\\/\\\/www.economicas.uba.ar\\\/investigacion\\\/#website\"},\"datePublished\":\"2023-09-05T14:21:09+00:00\",\"dateModified\":\"2023-09-05T14:25:30+00:00\",\"breadcrumb\":{\"@id\":\"https:\\\/\\\/www.economicas.uba.ar\\\/investigacion\\\/institutos-y-centros\\\/cimbage\\\/cuadernos-cimbage\\\/ediciones\\\/#breadcrumb\"},\"inLanguage\":\"es-AR\",\"potentialAction\":[{\"@type\":\"ReadAction\",\"target\":[\"https:\\\/\\\/www.economicas.uba.ar\\\/investigacion\\\/institutos-y-centros\\\/cimbage\\\/cuadernos-cimbage\\\/ediciones\\\/\"]}]},{\"@type\":\"BreadcrumbList\",\"@id\":\"https:\\\/\\\/www.economicas.uba.ar\\\/investigacion\\\/institutos-y-centros\\\/cimbage\\\/cuadernos-cimbage\\\/ediciones\\\/#breadcrumb\",\"itemListElement\":[{\"@type\":\"ListItem\",\"position\":1,\"name\":\"Inicio\",\"item\":\"https:\\\/\\\/www.economicas.uba.ar\\\/investigacion\\\/\"},{\"@type\":\"ListItem\",\"position\":2,\"name\":\"Institutos y centros\",\"item\":\"https:\\\/\\\/www.economicas.uba.ar\\\/investigacion\\\/institutos-y-centros\\\/\"},{\"@type\":\"ListItem\",\"position\":3,\"name\":\"CIMBAGE\",\"item\":\"https:\\\/\\\/www.economicas.uba.ar\\\/investigacion\\\/institutos-y-centros\\\/cimbage\\\/\"},{\"@type\":\"ListItem\",\"position\":4,\"name\":\"cuadernos cimbage\",\"item\":\"https:\\\/\\\/www.economicas.uba.ar\\\/investigacion\\\/institutos-y-centros\\\/cimbage\\\/cuadernos-cimbage\\\/\"},{\"@type\":\"ListItem\",\"position\":5,\"name\":\"ediciones\"}]},{\"@type\":\"WebSite\",\"@id\":\"https:\\\/\\\/www.economicas.uba.ar\\\/investigacion\\\/#website\",\"url\":\"https:\\\/\\\/www.economicas.uba.ar\\\/investigacion\\\/\",\"name\":\"Investigaci\u00f3n FCE\",\"description\":\"\",\"publisher\":{\"@id\":\"https:\\\/\\\/www.economicas.uba.ar\\\/investigacion\\\/#organization\"},\"potentialAction\":[{\"@type\":\"SearchAction\",\"target\":{\"@type\":\"EntryPoint\",\"urlTemplate\":\"https:\\\/\\\/www.economicas.uba.ar\\\/investigacion\\\/?s={search_term_string}\"},\"query-input\":{\"@type\":\"PropertyValueSpecification\",\"valueRequired\":true,\"valueName\":\"search_term_string\"}}],\"inLanguage\":\"es-AR\"},{\"@type\":\"Organization\",\"@id\":\"https:\\\/\\\/www.economicas.uba.ar\\\/investigacion\\\/#organization\",\"name\":\"Investigaci\u00f3n FCE\",\"url\":\"https:\\\/\\\/www.economicas.uba.ar\\\/investigacion\\\/\",\"logo\":{\"@type\":\"ImageObject\",\"inLanguage\":\"es-AR\",\"@id\":\"https:\\\/\\\/www.economicas.uba.ar\\\/investigacion\\\/#\\\/schema\\\/logo\\\/image\\\/\",\"url\":\"https:\\\/\\\/www.economicas.uba.ar\\\/investigacion\\\/wp-content\\\/uploads\\\/logo_2023.png\",\"contentUrl\":\"https:\\\/\\\/www.economicas.uba.ar\\\/investigacion\\\/wp-content\\\/uploads\\\/logo_2023.png\",\"width\":292,\"height\":81,\"caption\":\"Investigaci\u00f3n FCE\"},\"image\":{\"@id\":\"https:\\\/\\\/www.economicas.uba.ar\\\/investigacion\\\/#\\\/schema\\\/logo\\\/image\\\/\"}}]}<\/script>\n<!-- \/ Yoast SEO plugin. -->","yoast_head_json":{"title":"ediciones - Investigaci\u00f3n","robots":{"index":"index","follow":"follow","max-snippet":"max-snippet:-1","max-image-preview":"max-image-preview:large","max-video-preview":"max-video-preview:-1"},"canonical":"https:\/\/www.economicas.uba.ar\/investigacion\/institutos-y-centros\/cimbage\/cuadernos-cimbage\/ediciones\/","og_locale":"es_ES","og_type":"article","og_title":"ediciones - Investigaci\u00f3n","og_description":"CIMBAGE Ediciones &#8211; Cuadernos del CIMBAGE \u00a0HOME DE LA REVISTA N\u00famero 01 N\u00famero 02 N\u00famero 03 N\u00famero 04 N\u00famero 05 N\u00famero 06 N\u00famero 07 N\u00famero 08 N\u00famero 09 N\u00famero 10","og_url":"https:\/\/www.economicas.uba.ar\/investigacion\/institutos-y-centros\/cimbage\/cuadernos-cimbage\/ediciones\/","og_site_name":"Investigaci\u00f3n","article_modified_time":"2023-09-05T14:25:30+00:00","twitter_card":"summary_large_image","twitter_misc":{"Tiempo de lectura":"1 minuto"},"schema":{"@context":"https:\/\/schema.org","@graph":[{"@type":"WebPage","@id":"https:\/\/www.economicas.uba.ar\/investigacion\/institutos-y-centros\/cimbage\/cuadernos-cimbage\/ediciones\/","url":"https:\/\/www.economicas.uba.ar\/investigacion\/institutos-y-centros\/cimbage\/cuadernos-cimbage\/ediciones\/","name":"ediciones - Investigaci\u00f3n","isPartOf":{"@id":"https:\/\/www.economicas.uba.ar\/investigacion\/#website"},"datePublished":"2023-09-05T14:21:09+00:00","dateModified":"2023-09-05T14:25:30+00:00","breadcrumb":{"@id":"https:\/\/www.economicas.uba.ar\/investigacion\/institutos-y-centros\/cimbage\/cuadernos-cimbage\/ediciones\/#breadcrumb"},"inLanguage":"es-AR","potentialAction":[{"@type":"ReadAction","target":["https:\/\/www.economicas.uba.ar\/investigacion\/institutos-y-centros\/cimbage\/cuadernos-cimbage\/ediciones\/"]}]},{"@type":"BreadcrumbList","@id":"https:\/\/www.economicas.uba.ar\/investigacion\/institutos-y-centros\/cimbage\/cuadernos-cimbage\/ediciones\/#breadcrumb","itemListElement":[{"@type":"ListItem","position":1,"name":"Inicio","item":"https:\/\/www.economicas.uba.ar\/investigacion\/"},{"@type":"ListItem","position":2,"name":"Institutos y centros","item":"https:\/\/www.economicas.uba.ar\/investigacion\/institutos-y-centros\/"},{"@type":"ListItem","position":3,"name":"CIMBAGE","item":"https:\/\/www.economicas.uba.ar\/investigacion\/institutos-y-centros\/cimbage\/"},{"@type":"ListItem","position":4,"name":"cuadernos cimbage","item":"https:\/\/www.economicas.uba.ar\/investigacion\/institutos-y-centros\/cimbage\/cuadernos-cimbage\/"},{"@type":"ListItem","position":5,"name":"ediciones"}]},{"@type":"WebSite","@id":"https:\/\/www.economicas.uba.ar\/investigacion\/#website","url":"https:\/\/www.economicas.uba.ar\/investigacion\/","name":"Investigaci\u00f3n FCE","description":"","publisher":{"@id":"https:\/\/www.economicas.uba.ar\/investigacion\/#organization"},"potentialAction":[{"@type":"SearchAction","target":{"@type":"EntryPoint","urlTemplate":"https:\/\/www.economicas.uba.ar\/investigacion\/?s={search_term_string}"},"query-input":{"@type":"PropertyValueSpecification","valueRequired":true,"valueName":"search_term_string"}}],"inLanguage":"es-AR"},{"@type":"Organization","@id":"https:\/\/www.economicas.uba.ar\/investigacion\/#organization","name":"Investigaci\u00f3n FCE","url":"https:\/\/www.economicas.uba.ar\/investigacion\/","logo":{"@type":"ImageObject","inLanguage":"es-AR","@id":"https:\/\/www.economicas.uba.ar\/investigacion\/#\/schema\/logo\/image\/","url":"https:\/\/www.economicas.uba.ar\/investigacion\/wp-content\/uploads\/logo_2023.png","contentUrl":"https:\/\/www.economicas.uba.ar\/investigacion\/wp-content\/uploads\/logo_2023.png","width":292,"height":81,"caption":"Investigaci\u00f3n FCE"},"image":{"@id":"https:\/\/www.economicas.uba.ar\/investigacion\/#\/schema\/logo\/image\/"}}]}},"_links":{"self":[{"href":"https:\/\/www.economicas.uba.ar\/investigacion\/wp-json\/wp\/v2\/pages\/2272","targetHints":{"allow":["GET"]}}],"collection":[{"href":"https:\/\/www.economicas.uba.ar\/investigacion\/wp-json\/wp\/v2\/pages"}],"about":[{"href":"https:\/\/www.economicas.uba.ar\/investigacion\/wp-json\/wp\/v2\/types\/page"}],"author":[{"embeddable":true,"href":"https:\/\/www.economicas.uba.ar\/investigacion\/wp-json\/wp\/v2\/users\/8"}],"replies":[{"embeddable":true,"href":"https:\/\/www.economicas.uba.ar\/investigacion\/wp-json\/wp\/v2\/comments?post=2272"}],"version-history":[{"count":4,"href":"https:\/\/www.economicas.uba.ar\/investigacion\/wp-json\/wp\/v2\/pages\/2272\/revisions"}],"predecessor-version":[{"id":2276,"href":"https:\/\/www.economicas.uba.ar\/investigacion\/wp-json\/wp\/v2\/pages\/2272\/revisions\/2276"}],"up":[{"embeddable":true,"href":"https:\/\/www.economicas.uba.ar\/investigacion\/wp-json\/wp\/v2\/pages\/2255"}],"wp:attachment":[{"href":"https:\/\/www.economicas.uba.ar\/investigacion\/wp-json\/wp\/v2\/media?parent=2272"}],"curies":[{"name":"wp","href":"https:\/\/api.w.org\/{rel}","templated":true}]}}